{"id":1876,"date":"2024-09-05T16:59:10","date_gmt":"2024-09-05T16:59:10","guid":{"rendered":"https:\/\/www.editorialdagon.es\/?page_id=1876"},"modified":"2026-04-25T11:18:44","modified_gmt":"2026-04-25T11:18:44","slug":"jose-romero-anima-mestalla","status":"publish","type":"page","link":"https:\/\/www.editorialdagon.es\/index.php\/obras\/jose-romero-anima-mestalla\/","title":{"rendered":"JOS\u00c9 ROMERO &#8211; \u00c1nima Mestalla"},"content":{"rendered":"\n<div class=\"wp-block-media-text is-stacked-on-mobile\" style=\"grid-template-columns:30% auto\"><figure class=\"wp-block-media-text__media\"><img loading=\"lazy\" decoding=\"async\" width=\"441\" height=\"690\" src=\"https:\/\/www.editorialdagon.es\/wp-content\/uploads\/2024\/09\/Portadas-Woprd-Press-2024.002.png\" alt=\"\" class=\"wp-image-1915 size-full\" srcset=\"https:\/\/www.editorialdagon.es\/wp-content\/uploads\/2024\/09\/Portadas-Woprd-Press-2024.002.png 441w, https:\/\/www.editorialdagon.es\/wp-content\/uploads\/2024\/09\/Portadas-Woprd-Press-2024.002-192x300.png 192w\" sizes=\"auto, (max-width: 441px) 100vw, 441px\" \/><\/figure><div class=\"wp-block-media-text__content\">\n<p><strong><a href=\"https:\/\/www.editorialdagon.es\/index.php\/autores\/jose-romero-garcia\/\" data-type=\"page\" data-id=\"1863\">JOS\u00c9 ROMERO GARC\u00cdA<\/a><\/strong><\/p>\n\n\n\n<p>A\u00f1o de edici\u00f3n: 2024<\/p>\n\n\n\n<p>ISBN: 978-84-19540-82-9<\/p>\n\n\n\n<p>P\u00e1ginas: 318<\/p>\n\n\n\n<p>Precio libro papel: <strong>23 \u20ac<\/strong><\/p>\n\n\n\n<p>Puedes comprarlo en formato PDF. Contacta con el <a href=\"editor@editorialdagon.es\">Editor<\/a><\/p>\n\n\n\n<p><strong><a href=\"https:\/\/www.amazon.es\/\u00c1nima-Mestalla-Jos\u00e9-Romero-Garc\u00eda-ebook\/dp\/B0F1ZM696S\/ref=sr_1_15?dib=eyJ2IjoiMSJ9.4m2-yG5S9COCmZH6kUsZgM1_7YMPPak140JcOcF80nXJ5fuEZ_z0fTZ04HKQOSZsNvBYN_-uxwFvfIdXO09I7tgw8FNJJCpCkm9wyirXSJpHf6mGUPZ_-jPpQV455HUTxCcIUj9HUdBaWOz-MBpBX9m5YJnY2c7Y9-Wshhz13wQjDqHSYHxAcBYI3P2fGTj_PJzDZW7MlNPeeLWyETOSAaPXFVxCLNxU6OhVSeVNJ7U.9QrD4THmgotZ7fRduriXPDxeBNRP1goDF7lSElnzLgI&amp;dib_tag=se&amp;qid=1755318340&amp;refinements=p_27%3AJose+Rubio+Sanchez&amp;s=digital-text&amp;sr=1-15&amp;text=Jose+Rubio+Sanchez\">Amazon versi\u00f3n Kindle: 7 \u20ac<\/a><\/strong><\/p>\n\n\n\n<p>Fragmento:<em>&nbsp;<a href=\"https:\/\/1drv.ms\/b\/s!AvQngI1KR5TfvdoXuHLeRzk2-Qvw0Q?e=L1K2ya\">\u00c1nima Mestalla<\/a><\/em><\/p>\n\n\n\n<p>Contacto: <em><a href=\"mailto:editor@editorialdagon.es\">editor@editorialdagon.es<\/a><\/em><\/p>\n<\/div><\/div>\n\n\n\n<p><strong>SINOPSIS<\/strong><\/p>\n\n\n\n<p>En la soledad del que se rebela, Altea y su grupo urden un plan para forzar la salida del m\u00e1ximo accionista del Valencia CF. \u00bfLo conseguir\u00e1n? En su contra tienen todo: el dinero, el tiempo, la complacencia y la codicia de la clase pol\u00edtica y la realidad deportiva de un equipo que languidece en Segunda Divisi\u00f3n. \u00bfA favor? La fuerza sin quebranto de Altea, la inteligencia de Guillermo y \u00c0lex, la persona que sabe de la existencia de Nat, el murci\u00e9lago de Jaume I, el que corona el escudo del club, cuya esencia permanece en Mestalla.<br>En esta novela, el autor hilvana una historia vertiginosa llena de abatimiento, esperanza, frustraci\u00f3n y mucha perseverancia, como reza el manual del buen valencianista. <br>\u00bfPerder\u00e1s la posibilidad de sumergirte en el pasado legendario, cuyos recuerdos te har\u00e1n saltar m\u00e1s de una l\u00e1grima?<\/p>\n\n\n\n<p class=\"has-text-align-center\"><strong>RESE\u00d1AS<\/strong><br><em>El libro ha sido un soplo de aire fresco en una maltrecha mente valencianista. Conmovedor, ingenioso, magn\u00edficamente hilado y escrito. Tiene algo de La Historia Interminable mezclado con El Informe Pel\u00edcano. Delicioso. Sorprendente. Por su mensaje de esperanza, la novela que todo aficionado del Valencia deber\u00eda leer. Muy contento y orgulloso de que hayas pensado en m\u00ed para leerlo. Pienso dec\u00edrselo a todo el que conozco y sienta nuestro escudo (o no) para leerlo. FELICIDADES!!<\/em><\/p>\n\n\n\n<hr class=\"wp-block-separator has-alpha-channel-opacity\"\/>\n\n\n\n<p class=\"has-text-align-center\">Muy entretenida. Enhorabuena!!! L\u00e1stima no tener ese egregor y ese Iniciado MO para que de verdad convencieran a Midas de vender. Y muy bien los gui\u00f1os que le haces a Canet.<\/p>\n\n\n\n<hr class=\"wp-block-separator has-alpha-channel-opacity\"\/>\n\n\n\n<p class=\"has-text-align-center\"><em>Chic@s&#8230;&#8230; le\u00eddo&#8230;..Es un libro que vale la pena tener y leer, obviamente&#8230; Y m\u00e1s los aficionados del Valencia&#8230; es un libro que te engancha desde el minuto uno&#8230; Tiene giros inesperados&#8230; momentos que te hacen sentir emoci\u00f3n, complicidad, nostalgia, amor.. Sobre todo orgullo&#8230; por un pueblo, por un escudo, por una bandera&#8230; Ganas de no tirar la toalla, de luchar y mantener la esperanza de que todo con perseverancia, se puede conseguir. Amunt Valencia!!<\/em> <em>Felicidades ,Jos\u00e9!!<\/em><\/p>\n\n\n\n<hr class=\"wp-block-separator has-alpha-channel-opacity\"\/>\n\n\n\n<p class=\"has-text-align-center\"><em>Hola Jose. Qu\u00e9 tal, c\u00f3mo est\u00e1s?? Ya he terminado de leer tu novela, y aparte de que me ha gustado mucho tambi\u00e9n me ha resultado entretenida y con puntos de emoci\u00f3n que me han tocado la fibra. Y adem\u00e1s ese lado esot\u00e9rico tambi\u00e9n me ha resultado interesante.<\/em><\/p>\n\n\n\n<p><strong>UNA ESTUPENDA RESE\u00d1A DE <a href=\"https:\/\/www.eldesmarque.com\/autores\/dtorres\">DAVID TORRES<\/a>:<\/strong><br><a href=\"https:\/\/www.eldesmarque.com\/futbol\/valencia-cf\/20250226\/anima-mestalla-la-novela-que-planifica-como-echar-a-peter-lim-de-un-valencia-cf-en-segunda_300589794.html\">\u00c1nima Mestalla, la novela que planifica c\u00f3mo echar a Peter Lim de un Valencia en segunda<\/a><\/p>\n\n\n\n<p><strong>RESE\u00d1A DE GUSTAVO CLEMENTE EN SUPER DEPORTE<\/strong><\/p>\n\n\n\n<figure class=\"wp-block-image aligncenter size-large\"><img loading=\"lazy\" decoding=\"async\" width=\"1024\" height=\"768\" src=\"https:\/\/www.editorialdagon.es\/wp-content\/uploads\/2025\/04\/WhatsApp-Image-2025-04-15-at-09.32.32-1024x768.jpeg\" alt=\"\" class=\"wp-image-2536\" srcset=\"https:\/\/www.editorialdagon.es\/wp-content\/uploads\/2025\/04\/WhatsApp-Image-2025-04-15-at-09.32.32-1024x768.jpeg 1024w, https:\/\/www.editorialdagon.es\/wp-content\/uploads\/2025\/04\/WhatsApp-Image-2025-04-15-at-09.32.32-300x225.jpeg 300w, https:\/\/www.editorialdagon.es\/wp-content\/uploads\/2025\/04\/WhatsApp-Image-2025-04-15-at-09.32.32-768x576.jpeg 768w, https:\/\/www.editorialdagon.es\/wp-content\/uploads\/2025\/04\/WhatsApp-Image-2025-04-15-at-09.32.32-1536x1152.jpeg 1536w, https:\/\/www.editorialdagon.es\/wp-content\/uploads\/2025\/04\/WhatsApp-Image-2025-04-15-at-09.32.32-1140x855.jpeg 1140w, https:\/\/www.editorialdagon.es\/wp-content\/uploads\/2025\/04\/WhatsApp-Image-2025-04-15-at-09.32.32.jpeg 2048w\" sizes=\"auto, (max-width: 1024px) 100vw, 1024px\" \/><\/figure>\n\n\n\n<p><\/p>\n\n\n\n<p><strong>BOOKTRAILER I<\/strong><\/p>\n\n\n\n<figure class=\"wp-block-embed is-type-video is-provider-youtube wp-block-embed-youtube wp-embed-aspect-16-9 wp-has-aspect-ratio\"><div class=\"wp-block-embed__wrapper\">\n<div class=\"ast-oembed-container \" style=\"height: 100%;\"><iframe loading=\"lazy\" title=\"Book Trailer \u00c1nima Mestalla\" width=\"500\" height=\"281\" src=\"https:\/\/www.youtube.com\/embed\/o1zoN7h5HFo?feature=oembed\" frameborder=\"0\" allow=\"accelerometer; autoplay; clipboard-write; encrypted-media; gyroscope; picture-in-picture; web-share\" referrerpolicy=\"strict-origin-when-cross-origin\" allowfullscreen><\/iframe><\/div>\n<\/div><\/figure>\n\n\n\n<p><strong>BOOKTRAILER II<\/strong><\/p>\n\n\n\n<figure class=\"wp-block-embed is-type-video is-provider-youtube wp-block-embed-youtube wp-embed-aspect-16-9 wp-has-aspect-ratio\"><div class=\"wp-block-embed__wrapper\">\n<div class=\"ast-oembed-container \" style=\"height: 100%;\"><iframe loading=\"lazy\" title=\"Book Trailer II   Anima Mestalla\" width=\"500\" height=\"281\" src=\"https:\/\/www.youtube.com\/embed\/PWu3p5WQtPo?feature=oembed\" frameborder=\"0\" allow=\"accelerometer; autoplay; clipboard-write; encrypted-media; gyroscope; picture-in-picture; web-share\" referrerpolicy=\"strict-origin-when-cross-origin\" allowfullscreen><\/iframe><\/div>\n<\/div><\/figure>\n\n\n\n<p><\/p>\n\n\n\n<p><strong>PRESENTACI\u00d3N BAR LA MURTA<\/strong><br>Presentaci\u00f3n en Bar la Murta, el 17 de enero, a las 18:30<br>Organizada por la Colla Blanc-i-negra<br>El evento fue dirigido por Carles Ricart, autor de \u00abValencia no era una fiesta\u00bb<br><\/p>\n\n\n\n<figure class=\"wp-block-gallery has-nested-images columns-default is-cropped wp-block-gallery-1 is-layout-flex wp-block-gallery-is-layout-flex\">\n<figure class=\"wp-block-image size-large\"><img loading=\"lazy\" decoding=\"async\" width=\"766\" height=\"1024\" data-id=\"2479\" src=\"https:\/\/www.editorialdagon.es\/wp-content\/uploads\/2025\/02\/IMG-20250118-WA0000-766x1024.jpg\" alt=\"\" class=\"wp-image-2479\" srcset=\"https:\/\/www.editorialdagon.es\/wp-content\/uploads\/2025\/02\/IMG-20250118-WA0000-766x1024.jpg 766w, https:\/\/www.editorialdagon.es\/wp-content\/uploads\/2025\/02\/IMG-20250118-WA0000-224x300.jpg 224w, https:\/\/www.editorialdagon.es\/wp-content\/uploads\/2025\/02\/IMG-20250118-WA0000-768x1027.jpg 768w, https:\/\/www.editorialdagon.es\/wp-content\/uploads\/2025\/02\/IMG-20250118-WA0000-1149x1536.jpg 1149w, https:\/\/www.editorialdagon.es\/wp-content\/uploads\/2025\/02\/IMG-20250118-WA0000-1140x1524.jpg 1140w, https:\/\/www.editorialdagon.es\/wp-content\/uploads\/2025\/02\/IMG-20250118-WA0000.jpg 1496w\" sizes=\"auto, (max-width: 766px) 100vw, 766px\" \/><\/figure>\n\n\n\n<figure class=\"wp-block-image size-large\"><img loading=\"lazy\" decoding=\"async\" width=\"1024\" height=\"766\" data-id=\"2480\" src=\"https:\/\/www.editorialdagon.es\/wp-content\/uploads\/2025\/02\/IMG-20250118-WA0002-1024x766.jpg\" alt=\"\" class=\"wp-image-2480\" srcset=\"https:\/\/www.editorialdagon.es\/wp-content\/uploads\/2025\/02\/IMG-20250118-WA0002-1024x766.jpg 1024w, https:\/\/www.editorialdagon.es\/wp-content\/uploads\/2025\/02\/IMG-20250118-WA0002-300x224.jpg 300w, https:\/\/www.editorialdagon.es\/wp-content\/uploads\/2025\/02\/IMG-20250118-WA0002-768x574.jpg 768w, https:\/\/www.editorialdagon.es\/wp-content\/uploads\/2025\/02\/IMG-20250118-WA0002-1536x1149.jpg 1536w, https:\/\/www.editorialdagon.es\/wp-content\/uploads\/2025\/02\/IMG-20250118-WA0002-1140x853.jpg 1140w, https:\/\/www.editorialdagon.es\/wp-content\/uploads\/2025\/02\/IMG-20250118-WA0002.jpg 2000w\" sizes=\"auto, (max-width: 1024px) 100vw, 1024px\" \/><\/figure>\n<\/figure>\n\n\n\n<figure class=\"wp-block-video\"><video height=\"864\" style=\"aspect-ratio: 480 \/ 864;\" width=\"480\" controls preload=\"auto\" src=\"https:\/\/www.editorialdagon.es\/wp-content\/uploads\/2025\/02\/VID-20250118-WA0006.mp4\"><\/video><\/figure>\n\n\n\n<p><strong>PRESENTACI\u00d3N CASA CULTURA MANISES<\/strong><\/p>\n\n\n\n<figure class=\"wp-block-embed is-type-video is-provider-youtube wp-block-embed-youtube wp-embed-aspect-16-9 wp-has-aspect-ratio\"><div class=\"wp-block-embed__wrapper\">\n<div class=\"ast-oembed-container \" style=\"height: 100%;\"><iframe loading=\"lazy\" title=\"Presentacio\u0301n del libro A\u0301nima Mestalla de Jos\u00e9 Romero\" width=\"500\" height=\"281\" src=\"https:\/\/www.youtube.com\/embed\/lazGImeP-z4?feature=oembed\" frameborder=\"0\" allow=\"accelerometer; autoplay; clipboard-write; encrypted-media; gyroscope; picture-in-picture; web-share\" referrerpolicy=\"strict-origin-when-cross-origin\" allowfullscreen><\/iframe><\/div>\n<\/div><\/figure>\n","protected":false},"excerpt":{"rendered":"<p>JOS\u00c9 ROMERO GARC\u00cdA A\u00f1o de edici\u00f3n: 2024 ISBN: 978-84-19540-82-9 P\u00e1ginas: 318 Precio libro papel: 23 \u20ac Puedes comprarlo en formato [&hellip;]<\/p>\n","protected":false},"author":1,"featured_media":0,"parent":291,"menu_order":0,"comment_status":"closed","ping_status":"closed","template":"","meta":{"site-sidebar-layout":"default","site-content-layout":"","ast-site-content-layout":"default","site-content-style":"default","site-sidebar-style":"default","ast-global-header-display":"","ast-banner-title-visibility":"","ast-main-header-display":"","ast-hfb-above-header-display":"","ast-hfb-below-header-display":"","ast-hfb-mobile-header-display":"","site-post-title":"","ast-breadcrumbs-content":"","ast-featured-img":"","footer-sml-layout":"","theme-transparent-header-meta":"","adv-header-id-meta":"","stick-header-meta":"","header-above-stick-meta":"","header-main-stick-meta":"","header-below-stick-meta":"","astra-migrate-meta-layouts":"default","ast-page-background-enabled":"default","ast-page-background-meta":{"desktop":{"background-color":"var(--ast-global-color-5)","background-image":"","background-repeat":"repeat","background-position":"center center","background-size":"auto","background-attachment":"scroll","background-type":"","background-media":"","overlay-type":"","overlay-color":"","overlay-opacity":"","overlay-gradient":""},"tablet":{"background-color":"","background-image":"","background-repeat":"repeat","background-position":"center center","background-size":"auto","background-attachment":"scroll","background-type":"","background-media":"","overlay-type":"","overlay-color":"","overlay-opacity":"","overlay-gradient":""},"mobile":{"background-color":"","background-image":"","background-repeat":"repeat","background-position":"center center","background-size":"auto","background-attachment":"scroll","background-type":"","background-media":"","overlay-type":"","overlay-color":"","overlay-opacity":"","overlay-gradient":""}},"ast-content-background-meta":{"desktop":{"background-color":"var(--ast-global-color-4)","background-image":"","background-repeat":"repeat","background-position":"center center","background-size":"auto","background-attachment":"scroll","background-type":"","background-media":"","overlay-type":"","overlay-color":"","overlay-opacity":"","overlay-gradient":""},"tablet":{"background-color":"var(--ast-global-color-4)","background-image":"","background-repeat":"repeat","background-position":"center center","background-size":"auto","background-attachment":"scroll","background-type":"","background-media":"","overlay-type":"","overlay-color":"","overlay-opacity":"","overlay-gradient":""},"mobile":{"background-color":"var(--ast-global-color-4)","background-image":"","background-repeat":"repeat","background-position":"center center","background-size":"auto","background-attachment":"scroll","background-type":"","background-media":"","overlay-type":"","overlay-color":"","overlay-opacity":"","overlay-gradient":""}},"footnotes":""},"class_list":["post-1876","page","type-page","status-publish","hentry"],"_links":{"self":[{"href":"https:\/\/www.editorialdagon.es\/index.php\/wp-json\/wp\/v2\/pages\/1876","targetHints":{"allow":["GET"]}}],"collection":[{"href":"https:\/\/www.editorialdagon.es\/index.php\/wp-json\/wp\/v2\/pages"}],"about":[{"href":"https:\/\/www.editorialdagon.es\/index.php\/wp-json\/wp\/v2\/types\/page"}],"author":[{"embeddable":true,"href":"https:\/\/www.editorialdagon.es\/index.php\/wp-json\/wp\/v2\/users\/1"}],"replies":[{"embeddable":true,"href":"https:\/\/www.editorialdagon.es\/index.php\/wp-json\/wp\/v2\/comments?post=1876"}],"version-history":[{"count":33,"href":"https:\/\/www.editorialdagon.es\/index.php\/wp-json\/wp\/v2\/pages\/1876\/revisions"}],"predecessor-version":[{"id":3901,"href":"https:\/\/www.editorialdagon.es\/index.php\/wp-json\/wp\/v2\/pages\/1876\/revisions\/3901"}],"up":[{"embeddable":true,"href":"https:\/\/www.editorialdagon.es\/index.php\/wp-json\/wp\/v2\/pages\/291"}],"wp:attachment":[{"href":"https:\/\/www.editorialdagon.es\/index.php\/wp-json\/wp\/v2\/media?parent=1876"}],"curies":[{"name":"wp","href":"https:\/\/api.w.org\/{rel}","templated":true}]}}