{"id":1905,"date":"2024-09-05T18:18:20","date_gmt":"2024-09-05T18:18:20","guid":{"rendered":"https:\/\/www.editorialdagon.es\/?page_id=1905"},"modified":"2026-04-25T10:58:41","modified_gmt":"2026-04-25T10:58:41","slug":"hiperborea-contes-de-magi-per-a-xiquets","status":"publish","type":"page","link":"https:\/\/www.editorialdagon.es\/index.php\/obras\/hiperborea-contes-de-magi-per-a-xiquets\/","title":{"rendered":"HIPERB\u00d3REA &#8211; Contes de M\u00e0gia per a Xiquets"},"content":{"rendered":"\n<div class=\"wp-block-media-text is-stacked-on-mobile\" style=\"grid-template-columns:30% auto\"><figure class=\"wp-block-media-text__media\"><img loading=\"lazy\" decoding=\"async\" width=\"440\" height=\"689\" src=\"https:\/\/www.editorialdagon.es\/wp-content\/uploads\/2024\/09\/Portadas-Woprd-Press-2024.004.png\" alt=\"\" class=\"wp-image-1907 size-full\" srcset=\"https:\/\/www.editorialdagon.es\/wp-content\/uploads\/2024\/09\/Portadas-Woprd-Press-2024.004.png 440w, https:\/\/www.editorialdagon.es\/wp-content\/uploads\/2024\/09\/Portadas-Woprd-Press-2024.004-192x300.png 192w\" sizes=\"auto, (max-width: 440px) 100vw, 440px\" \/><\/figure><div class=\"wp-block-media-text__content\">\n<p><a href=\"https:\/\/www.editorialdagon.es\/index.php\/autores\/hiperborea\/\" data-type=\"page\" data-id=\"1142\"><strong>JOS\u00c9 MIGUEL CUESTA Y JOSE RUBIO<\/strong><\/a><br>A\u00f1o de edici\u00f3n: 2024<br>ISBN: 978-84-19540-80-5<br>P\u00e1ginas: 118<br>Precio B&amp;N: <strong>12 \u20ac<\/strong><br>Precio color: <strong>15 \u20ac<\/strong><br>Puedes comprarlo en formato PDF. <a href=\"editor@editorialdagon.es\"><em>Contacta con el Editor<\/em><\/a><br>Fragmento:<em>\u00a0<a href=\"https:\/\/1drv.ms\/b\/s!AvQngI1KR5TfvdoalzjZxoWJ5p1LQw?e=GbIqxi\">Contes de M\u00e0gia per a Xiquets I<\/a><\/em><br>Contacto: <a href=\"mailto:editor@editorialdagon.es\"><em>editor@editorialdagon.es<\/em><\/a><\/p>\n\n\n\n<p class=\"has-vivid-red-color has-text-color has-link-color wp-elements-e9f12c5fb55ed0bf889256d25ec20280\"><strong>NOTA<\/strong>: la versi\u00f3n b\u00e1sica que se vende en diversos lugares no tiene im\u00e1genes en color. Pero puede conseguir una versi\u00f3n en color pidi\u00e9ndola directamente a la Editorial.<\/p>\n<\/div><\/div>\n\n\n\n<div class=\"wp-block-media-text has-media-on-the-right is-stacked-on-mobile\" style=\"grid-template-columns:auto 30%\"><div class=\"wp-block-media-text__content\">\n<p class=\"has-text-align-right\"><strong><a href=\"http:\/\/www.editorialdagon.es\/index.php\/autores\/hiperborea\/\">JOSE RUBIO Y JOS\u00c9 MIGUEL CUESTA<\/a><\/strong><\/p>\n\n\n\n<p class=\"has-text-align-right\">A\u00f1o de edici\u00f3n: 2024<br>ISBN: 978-84-19540-81-2<br>P\u00e1ginas: 134<br>Precio B&amp;N: <strong>12 \u20ac<\/strong><br>Precio color: <strong><strong>15<\/strong><\/strong> \u20ac<br>Puedes comprarlo en formato PDF. <a href=\"editor@editorialdagon.es\"><em>Contacta con el Editor<\/em><\/a><br>Fragmento:<em>\u00a0<a href=\"https:\/\/1drv.ms\/b\/s!AvQngI1KR5TfvdobSa8AJQMyeEA07w?e=4r9mgU\">Contes de M\u00e0gia per a Xiquets II<\/a><\/em><br>Contacto: <a href=\"mailto:editor@editorialdagon.es\"><em>editor@editorialdagon.es<\/em><\/a><\/p>\n\n\n\n<p class=\"has-vivid-red-color has-text-color has-link-color wp-elements-e9f12c5fb55ed0bf889256d25ec20280\"><strong>NOTA<\/strong>: la versi\u00f3n b\u00e1sica que se vende en diversos lugares no tiene im\u00e1genes en color. Pero puede conseguir una versi\u00f3n en color pidi\u00e9ndola directamente a la Editorial.<\/p>\n<\/div><figure class=\"wp-block-media-text__media\"><img loading=\"lazy\" decoding=\"async\" width=\"439\" height=\"688\" src=\"https:\/\/www.editorialdagon.es\/wp-content\/uploads\/2024\/09\/Portadas-Woprd-Press-2024.005.png\" alt=\"\" class=\"wp-image-1908 size-full\" srcset=\"https:\/\/www.editorialdagon.es\/wp-content\/uploads\/2024\/09\/Portadas-Woprd-Press-2024.005.png 439w, https:\/\/www.editorialdagon.es\/wp-content\/uploads\/2024\/09\/Portadas-Woprd-Press-2024.005-191x300.png 191w\" sizes=\"auto, (max-width: 439px) 100vw, 439px\" \/><\/figure><\/div>\n\n\n\n<p><strong>SINOPSIS<\/strong><br>Va haver-hi un per\u00edode molt antic, on un edifici gegantesc s\u2019elevava cap a les estreles, contenint en el seu interior la biblioteca m\u00e9s gran que mai ha existit. Aquesta Biblioteca Universal, \u00fanica, ha passat a la posteritat com la Biblioteca de les Meravelles. All\u00ed reposaven, els uns al costat de les altres: llibres de m\u00e0gia i aventures, narracions de viatges, descripcions de pa\u00efsos ex\u00f2tics, mites i llegendes de tots els pobles de la terra, fets del passat i del futur, secrets, i la m\u00e9s variada col\u00b7lecci\u00f3 d\u2019escrits dels quals els perduts Llibres de Thot nom\u00e9s eren una insignificant mostra.<br>Per\u00f2, ai!, tot all\u00f2 va desapar\u00e9ixer\u2026 fins ara.<br>Alguns contes els hem recuperats de mil\u00b7len\u00e0ries tombes eg\u00edpcies, uns altres d\u2019inh\u00f2spits deserts, catacumbes sinistres i selves intransitables\u2026 per\u00f2 tots van pert\u00e0nyer, en el seu moment, abans que els lladres els tacaren, a la Biblioteca de les Meravelles.<br>Aix\u00ed que, mortals que goseu llegir estos contes, sapieu que despr\u00e9s del vel de la il\u00b7lusi\u00f3 i la fantasia es troba la veritat aut\u00e8ntica, la veritat de saber que tot el que ac\u00ed es descriu, va oc\u00f3rrer, ocorre en estos moments, o ocorrer\u00e0 en el cristal\u00b7l\u00ed futur.<\/p>\n\n\n\n<p><strong>BOOKTRAILER<\/strong><\/p>\n\n\n\n<figure class=\"wp-block-embed is-type-video is-provider-youtube wp-block-embed-youtube wp-embed-aspect-4-3 wp-has-aspect-ratio\"><div class=\"wp-block-embed__wrapper\">\n<div class=\"ast-oembed-container \" style=\"height: 100%;\"><iframe loading=\"lazy\" title=\"Book Trailer Cuentos Valencianos\" width=\"500\" height=\"375\" src=\"https:\/\/www.youtube.com\/embed\/a8IuLfoY9_U?feature=oembed\" frameborder=\"0\" allow=\"accelerometer; autoplay; clipboard-write; encrypted-media; gyroscope; picture-in-picture; web-share\" referrerpolicy=\"strict-origin-when-cross-origin\" allowfullscreen><\/iframe><\/div>\n<\/div><\/figure>\n","protected":false},"excerpt":{"rendered":"<p>JOS\u00c9 MIGUEL CUESTA Y JOSE RUBIOA\u00f1o de edici\u00f3n: 2024ISBN: 978-84-19540-80-5P\u00e1ginas: 118Precio B&amp;N: 12 \u20acPrecio color: 15 \u20acPuedes comprarlo en formato [&hellip;]<\/p>\n","protected":false},"author":1,"featured_media":0,"parent":291,"menu_order":0,"comment_status":"closed","ping_status":"closed","template":"","meta":{"site-sidebar-layout":"default","site-content-layout":"","ast-site-content-layout":"default","site-content-style":"default","site-sidebar-style":"default","ast-global-header-display":"","ast-banner-title-visibility":"","ast-main-header-display":"","ast-hfb-above-header-display":"","ast-hfb-below-header-display":"","ast-hfb-mobile-header-display":"","site-post-title":"","ast-breadcrumbs-content":"","ast-featured-img":"","footer-sml-layout":"","theme-transparent-header-meta":"","adv-header-id-meta":"","stick-header-meta":"","header-above-stick-meta":"","header-main-stick-meta":"","header-below-stick-meta":"","astra-migrate-meta-layouts":"default","ast-page-background-enabled":"default","ast-page-background-meta":{"desktop":{"background-color":"var(--ast-global-color-5)","background-image":"","background-repeat":"repeat","background-position":"center center","background-size":"auto","background-attachment":"scroll","background-type":"","background-media":"","overlay-type":"","overlay-color":"","overlay-opacity":"","overlay-gradient":""},"tablet":{"background-color":"","background-image":"","background-repeat":"repeat","background-position":"center center","background-size":"auto","background-attachment":"scroll","background-type":"","background-media":"","overlay-type":"","overlay-color":"","overlay-opacity":"","overlay-gradient":""},"mobile":{"background-color":"","background-image":"","background-repeat":"repeat","background-position":"center center","background-size":"auto","background-attachment":"scroll","background-type":"","background-media":"","overlay-type":"","overlay-color":"","overlay-opacity":"","overlay-gradient":""}},"ast-content-background-meta":{"desktop":{"background-color":"var(--ast-global-color-4)","background-image":"","background-repeat":"repeat","background-position":"center center","background-size":"auto","background-attachment":"scroll","background-type":"","background-media":"","overlay-type":"","overlay-color":"","overlay-opacity":"","overlay-gradient":""},"tablet":{"background-color":"var(--ast-global-color-4)","background-image":"","background-repeat":"repeat","background-position":"center center","background-size":"auto","background-attachment":"scroll","background-type":"","background-media":"","overlay-type":"","overlay-color":"","overlay-opacity":"","overlay-gradient":""},"mobile":{"background-color":"var(--ast-global-color-4)","background-image":"","background-repeat":"repeat","background-position":"center center","background-size":"auto","background-attachment":"scroll","background-type":"","background-media":"","overlay-type":"","overlay-color":"","overlay-opacity":"","overlay-gradient":""}},"footnotes":""},"class_list":["post-1905","page","type-page","status-publish","hentry"],"_links":{"self":[{"href":"https:\/\/www.editorialdagon.es\/index.php\/wp-json\/wp\/v2\/pages\/1905","targetHints":{"allow":["GET"]}}],"collection":[{"href":"https:\/\/www.editorialdagon.es\/index.php\/wp-json\/wp\/v2\/pages"}],"about":[{"href":"https:\/\/www.editorialdagon.es\/index.php\/wp-json\/wp\/v2\/types\/page"}],"author":[{"embeddable":true,"href":"https:\/\/www.editorialdagon.es\/index.php\/wp-json\/wp\/v2\/users\/1"}],"replies":[{"embeddable":true,"href":"https:\/\/www.editorialdagon.es\/index.php\/wp-json\/wp\/v2\/comments?post=1905"}],"version-history":[{"count":22,"href":"https:\/\/www.editorialdagon.es\/index.php\/wp-json\/wp\/v2\/pages\/1905\/revisions"}],"predecessor-version":[{"id":3882,"href":"https:\/\/www.editorialdagon.es\/index.php\/wp-json\/wp\/v2\/pages\/1905\/revisions\/3882"}],"up":[{"embeddable":true,"href":"https:\/\/www.editorialdagon.es\/index.php\/wp-json\/wp\/v2\/pages\/291"}],"wp:attachment":[{"href":"https:\/\/www.editorialdagon.es\/index.php\/wp-json\/wp\/v2\/media?parent=1905"}],"curies":[{"name":"wp","href":"https:\/\/api.w.org\/{rel}","templated":true}]}}