{"id":1947,"date":"2024-09-07T07:19:26","date_gmt":"2024-09-07T07:19:26","guid":{"rendered":"https:\/\/www.editorialdagon.es\/?page_id=1947"},"modified":"2026-04-25T10:56:39","modified_gmt":"2026-04-25T10:56:39","slug":"hiperborea-el-valle-del-destino-oscuro","status":"publish","type":"page","link":"https:\/\/www.editorialdagon.es\/index.php\/obras\/hiperborea-el-valle-del-destino-oscuro\/","title":{"rendered":"HIPERB\u00d3REA &#8211; El Valle del Destino Oscuro"},"content":{"rendered":"\n<div class=\"wp-block-media-text is-stacked-on-mobile\"><figure class=\"wp-block-media-text__media\"><img loading=\"lazy\" decoding=\"async\" width=\"445\" height=\"690\" src=\"https:\/\/www.editorialdagon.es\/wp-content\/uploads\/2024\/10\/Portadas-Woprd-Press-2024-octubre.001-3.png\" alt=\"\" class=\"wp-image-2153 size-full\" srcset=\"https:\/\/www.editorialdagon.es\/wp-content\/uploads\/2024\/10\/Portadas-Woprd-Press-2024-octubre.001-3.png 445w, https:\/\/www.editorialdagon.es\/wp-content\/uploads\/2024\/10\/Portadas-Woprd-Press-2024-octubre.001-3-193x300.png 193w\" sizes=\"auto, (max-width: 445px) 100vw, 445px\" \/><\/figure><div class=\"wp-block-media-text__content\">\n<p><a href=\"https:\/\/www.editorialdagon.es\/index.php\/autores\/hiperborea\/\" data-type=\"page\" data-id=\"1142\"><strong>JOS\u00c9 MIGUEL CUESTA Y JOSE RUBIO<\/strong><\/a><\/p>\n\n\n\n<p>A\u00f1o de edici\u00f3n: 2024<\/p>\n\n\n\n<p>ISBN: 978-84-19540-83-6<\/p>\n\n\n\n<p>P\u00e1ginas: 440<\/p>\n\n\n\n<p>Precio: <strong>25\u00a0\u20ac<\/strong><\/p>\n\n\n\n<p>Puedes comprarlo en formato PDF. Contacta con el <a href=\"editor@editorialdagon.es\">Editor<\/a><\/p>\n\n\n\n<p>Fragmento: <em><a href=\"https:\/\/1drv.ms\/b\/s!AvQngI1KR5TfvdwfmVIg9AyBQjGqWA?e=lIfsmi\">El Valle del Destino Oscuro<\/a><\/em><\/p>\n\n\n\n<p>Contacto: <a href=\"mailto:editor@editorialdagon.es\"><em>editor@editorialdagon.es<\/em><\/a><\/p>\n<\/div><\/div>\n\n\n\n<p><strong>SINOPSIS<\/strong><\/p>\n\n\n\n<p>Desde que existe el Universo, se est\u00e1 librando una guerra interminable. Las leyendas de todos los pueblos que han existido en La Tierra han narrado los acontecimientos de esa guerra. Son los opuestos, la luz y la oscuridad, el bien y el mal, el yin y el yang, los dos polos que giran enfrentados, los que mueven la rueda; la Gran Rueda, que permite en su deambular la vida y la evoluci\u00f3n.<br>Siendo unos adolescentes, Georgina, Edwin y Roderick, realizaron un descubrimiento en el interior de la cripta de una iglesia abandonada. Sin sospecharlo despertaron un poder primordial que los llev\u00f3 a unos acontecimientos de dolor y muerte, que les oblig\u00f3 a huir y separarse.<br>A\u00f1os despu\u00e9s, ese mal que creyeron que les hab\u00eda olvidado, vuelve a manifestarse, y ellos deber\u00e1n reunirse de nuevo, o la Humanidad estar\u00e1 condenada.<br>Esta novela es m\u00e1s que un relato de aventuras. Es tambi\u00e9n una historia de amistad. Son las vivencias de tres amigos a los que une un lazo invisible y eterno. Vamos a viajar por el tiempo acompa\u00f1ando a Georgina, Edwin y Roderick, desde el inh\u00f3spito y remoto pasado, pasando por un presente de oscuridad y locura, hasta llegar a un futuro envuelto en las nieblas del crep\u00fasculo.El Valle del Destino Oscuro es un relato que transciende los g\u00e9neros de la aventura, del terror, de la fantas\u00eda heroica o de la ciencia ficci\u00f3n, y al mismo tiempo tiene algo de todos estos g\u00e9neros a la vez, y los combina de forma \u00fanica y diferente.<\/p>\n\n\n\n<p><strong>BOOKTRAILER<\/strong><\/p>\n\n\n\n<figure class=\"wp-block-embed is-type-video is-provider-youtube wp-block-embed-youtube wp-embed-aspect-16-9 wp-has-aspect-ratio\"><div class=\"wp-block-embed__wrapper\">\n<div class=\"ast-oembed-container \" style=\"height: 100%;\"><iframe loading=\"lazy\" title=\"Book Trailer El Valle del Destino Oscuro\" width=\"500\" height=\"281\" src=\"https:\/\/www.youtube.com\/embed\/ReAVk-BGVIw?feature=oembed\" frameborder=\"0\" allow=\"accelerometer; autoplay; clipboard-write; encrypted-media; gyroscope; picture-in-picture; web-share\" referrerpolicy=\"strict-origin-when-cross-origin\" allowfullscreen><\/iframe><\/div>\n<\/div><\/figure>\n","protected":false},"excerpt":{"rendered":"<p>JOS\u00c9 MIGUEL CUESTA Y JOSE RUBIO A\u00f1o de edici\u00f3n: 2024 ISBN: 978-84-19540-83-6 P\u00e1ginas: 440 Precio: 25\u00a0\u20ac Puedes comprarlo en formato [&hellip;]<\/p>\n","protected":false},"author":1,"featured_media":0,"parent":291,"menu_order":0,"comment_status":"closed","ping_status":"closed","template":"","meta":{"site-sidebar-layout":"default","site-content-layout":"","ast-site-content-layout":"default","site-content-style":"default","site-sidebar-style":"default","ast-global-header-display":"","ast-banner-title-visibility":"","ast-main-header-display":"","ast-hfb-above-header-display":"","ast-hfb-below-header-display":"","ast-hfb-mobile-header-display":"","site-post-title":"","ast-breadcrumbs-content":"","ast-featured-img":"","footer-sml-layout":"","theme-transparent-header-meta":"","adv-header-id-meta":"","stick-header-meta":"","header-above-stick-meta":"","header-main-stick-meta":"","header-below-stick-meta":"","astra-migrate-meta-layouts":"default","ast-page-background-enabled":"default","ast-page-background-meta":{"desktop":{"background-color":"var(--ast-global-color-5)","background-image":"","background-repeat":"repeat","background-position":"center center","background-size":"auto","background-attachment":"scroll","background-type":"","background-media":"","overlay-type":"","overlay-color":"","overlay-opacity":"","overlay-gradient":""},"tablet":{"background-color":"","background-image":"","background-repeat":"repeat","background-position":"center center","background-size":"auto","background-attachment":"scroll","background-type":"","background-media":"","overlay-type":"","overlay-color":"","overlay-opacity":"","overlay-gradient":""},"mobile":{"background-color":"","background-image":"","background-repeat":"repeat","background-position":"center center","background-size":"auto","background-attachment":"scroll","background-type":"","background-media":"","overlay-type":"","overlay-color":"","overlay-opacity":"","overlay-gradient":""}},"ast-content-background-meta":{"desktop":{"background-color":"var(--ast-global-color-4)","background-image":"","background-repeat":"repeat","background-position":"center center","background-size":"auto","background-attachment":"scroll","background-type":"","background-media":"","overlay-type":"","overlay-color":"","overlay-opacity":"","overlay-gradient":""},"tablet":{"background-color":"var(--ast-global-color-4)","background-image":"","background-repeat":"repeat","background-position":"center center","background-size":"auto","background-attachment":"scroll","background-type":"","background-media":"","overlay-type":"","overlay-color":"","overlay-opacity":"","overlay-gradient":""},"mobile":{"background-color":"var(--ast-global-color-4)","background-image":"","background-repeat":"repeat","background-position":"center center","background-size":"auto","background-attachment":"scroll","background-type":"","background-media":"","overlay-type":"","overlay-color":"","overlay-opacity":"","overlay-gradient":""}},"footnotes":""},"class_list":["post-1947","page","type-page","status-publish","hentry"],"_links":{"self":[{"href":"https:\/\/www.editorialdagon.es\/index.php\/wp-json\/wp\/v2\/pages\/1947","targetHints":{"allow":["GET"]}}],"collection":[{"href":"https:\/\/www.editorialdagon.es\/index.php\/wp-json\/wp\/v2\/pages"}],"about":[{"href":"https:\/\/www.editorialdagon.es\/index.php\/wp-json\/wp\/v2\/types\/page"}],"author":[{"embeddable":true,"href":"https:\/\/www.editorialdagon.es\/index.php\/wp-json\/wp\/v2\/users\/1"}],"replies":[{"embeddable":true,"href":"https:\/\/www.editorialdagon.es\/index.php\/wp-json\/wp\/v2\/comments?post=1947"}],"version-history":[{"count":15,"href":"https:\/\/www.editorialdagon.es\/index.php\/wp-json\/wp\/v2\/pages\/1947\/revisions"}],"predecessor-version":[{"id":3879,"href":"https:\/\/www.editorialdagon.es\/index.php\/wp-json\/wp\/v2\/pages\/1947\/revisions\/3879"}],"up":[{"embeddable":true,"href":"https:\/\/www.editorialdagon.es\/index.php\/wp-json\/wp\/v2\/pages\/291"}],"wp:attachment":[{"href":"https:\/\/www.editorialdagon.es\/index.php\/wp-json\/wp\/v2\/media?parent=1947"}],"curies":[{"name":"wp","href":"https:\/\/api.w.org\/{rel}","templated":true}]}}