{"id":2539,"date":"2025-05-08T18:41:46","date_gmt":"2025-05-08T18:41:46","guid":{"rendered":"https:\/\/www.editorialdagon.es\/?page_id=2539"},"modified":"2026-04-25T10:19:04","modified_gmt":"2026-04-25T10:19:04","slug":"torkom-saraydarian-el-reto-del-discipulado","status":"publish","type":"page","link":"https:\/\/www.editorialdagon.es\/index.php\/obras\/torkom-saraydarian-el-reto-del-discipulado\/","title":{"rendered":"TORKOM SARAYDARIAN &#8211; El Reto del Discipulado"},"content":{"rendered":"\n<div class=\"wp-block-media-text is-stacked-on-mobile\"><figure class=\"wp-block-media-text__media\"><img loading=\"lazy\" decoding=\"async\" width=\"584\" height=\"893\" src=\"https:\/\/www.editorialdagon.es\/wp-content\/uploads\/2025\/05\/Portadas-libros.001.png\" alt=\"\" class=\"wp-image-2542 size-full\" srcset=\"https:\/\/www.editorialdagon.es\/wp-content\/uploads\/2025\/05\/Portadas-libros.001.png 584w, https:\/\/www.editorialdagon.es\/wp-content\/uploads\/2025\/05\/Portadas-libros.001-196x300.png 196w\" sizes=\"auto, (max-width: 584px) 100vw, 584px\" \/><\/figure><div class=\"wp-block-media-text__content\">\n<p><strong><a href=\"http:\/\/www.editorialdagon.es\/index.php\/autores\/torkom-saraydarian\/\" data-type=\"page\" data-id=\"1122\">TORKOM SARAYDARIAN<\/a><\/strong><\/p>\n\n\n\n<p>A\u00f1o de edici\u00f3n: 2025<\/p>\n\n\n\n<p>ISBN: 9788419540294<\/p>\n\n\n\n<p>P\u00e1ginas: 420<\/p>\n\n\n\n<p>Precio: <strong>25\u00a0\u20ac<\/strong><\/p>\n\n\n\n<p>Fragmento: <a href=\"https:\/\/1drv.ms\/b\/c\/df94474a8d8027f4\/EWr1QrF9PaVNoW3S6DCa7psBw2O2Z_MaYKByCxQtI-rEvA?e=fVFLg0\"><em>El Reto del Discipulado<\/em><\/a><\/p>\n\n\n\n<p>Contacto:&nbsp;<a href=\"mailto:editor@editorialdagon.es\"><em>editor@editorialdagon.es<\/em><\/a><\/p>\n\n\n\n<p>Versi\u00f3n inglesa:<em> <a href=\"https:\/\/www.tsgfoundation.org\/product\/challenge-for-discipleship-softcover\/\">Challenge for Discipleship<\/a><\/em><\/p>\n<\/div><\/div>\n\n\n\n<div class=\"wp-block-media-text has-media-on-the-right is-stacked-on-mobile\"><div class=\"wp-block-media-text__content\">\n<p class=\"has-text-align-right\"><strong><a href=\"http:\/\/www.editorialdagon.es\/index.php\/autores\/torkom-saraydarian\/\" data-type=\"page\" data-id=\"1122\">TORKOM SARAYDARIAN<\/a><\/strong><\/p>\n\n\n\n<p class=\"has-text-align-right\">A\u00f1o de edici\u00f3n: 2025<\/p>\n\n\n\n<p class=\"has-text-align-right\">ISBN: 9788412509601<\/p>\n\n\n\n<p class=\"has-text-align-right\">P\u00e1ginas: 430<\/p>\n\n\n\n<p class=\"has-text-align-right\">Precio: <strong>25\u00a0\u20ac<\/strong><\/p>\n\n\n\n<p class=\"has-text-align-right\"><\/p>\n\n\n\n<p class=\"has-text-align-right\">Contacto: <em><a href=\"mailto:jrubio@editorialdagon.es\">jrubio@editorialdagon.es<\/a><\/em><\/p>\n\n\n\n<p class=\"has-text-align-right\">Versi\u00f3n inglesa:<em> <em><a href=\"https:\/\/www.tsgfoundation.org\/product\/challenge-for-discipleship-softcover\/\">Challenge for Discipleship<\/a><\/em><\/em><\/p>\n<\/div><figure class=\"wp-block-media-text__media\"><img loading=\"lazy\" decoding=\"async\" width=\"581\" height=\"889\" src=\"https:\/\/www.editorialdagon.es\/wp-content\/uploads\/2025\/05\/Portadas-libros.002.png\" alt=\"\" class=\"wp-image-2543 size-full\" srcset=\"https:\/\/www.editorialdagon.es\/wp-content\/uploads\/2025\/05\/Portadas-libros.002.png 581w, https:\/\/www.editorialdagon.es\/wp-content\/uploads\/2025\/05\/Portadas-libros.002-196x300.png 196w\" sizes=\"auto, (max-width: 581px) 100vw, 581px\" \/><\/figure><\/div>\n\n\n\n<p><strong>SINOPSIS<\/strong><\/p>\n\n\n\n<p>Presentamos un libro de Torkom Saraydarian, incomparable en detalle, amplitud y profundidad sobre el tema del DISCIPULADO ESPIRITUAL.<br>Un libro que ya public\u00f3 la Editorial Kier, dif\u00edcil de encontrar y muy caro incluso de segunda mano, que nuestro Equipo ha mejorado much\u00edsimo, repos\u00e1ndolo completamente.<br>En \u00e9l se analizan y explican todas las teor\u00edas y ense\u00f1anzas sobre qu\u00e9 es un disc\u00edpulo, c\u00f3mo dar a luz su alma, y alcanzar el Tesoro de Sabidur\u00eda que habita en las profundidades del Coraz\u00f3n.&nbsp;Con un detalle asombroso.<br>\u00a1Una de las formas m\u00e1s altas de erudici\u00f3n espiritual jam\u00e1s escrita!<br>Torkom comentaba, a menudo, que uno podr\u00eda leer este libro por el resto de su vida y encontrar algo profundo en cada lectura. \u00c9l mismo lo le\u00eda y le inspiraba continuamente.<br>Un libro para el hombre que aspira a m\u00e1s en su vida, que vislumbra un mundo espiritual y quiere alcanzarlo.<br>\u00abTodo disc\u00edpulo verdadero&nbsp; es un servidor de la Jerarqu\u00eda.\u00bb&nbsp;<\/p>\n\n\n\n<p><strong>BOOKTRAILER<\/strong><\/p>\n\n\n\n<figure class=\"wp-block-embed is-type-video is-provider-youtube wp-block-embed-youtube wp-embed-aspect-16-9 wp-has-aspect-ratio\"><div class=\"wp-block-embed__wrapper\">\n<div class=\"ast-oembed-container \" style=\"height: 100%;\"><iframe loading=\"lazy\" title=\"Book Trailer El Reto del Discipulado\" width=\"500\" height=\"281\" src=\"https:\/\/www.youtube.com\/embed\/2kqGDTh_4o8?feature=oembed\" frameborder=\"0\" allow=\"accelerometer; autoplay; clipboard-write; encrypted-media; gyroscope; picture-in-picture; web-share\" referrerpolicy=\"strict-origin-when-cross-origin\" allowfullscreen><\/iframe><\/div>\n<\/div><\/figure>\n\n\n\n<p><\/p>\n","protected":false},"excerpt":{"rendered":"<p>TORKOM SARAYDARIAN A\u00f1o de edici\u00f3n: 2025 ISBN: 9788419540294 P\u00e1ginas: 420 Precio: 25\u00a0\u20ac Fragmento: El Reto del Discipulado Contacto:&nbsp;editor@editorialdagon.es Versi\u00f3n inglesa: [&hellip;]<\/p>\n","protected":false},"author":1,"featured_media":0,"parent":291,"menu_order":0,"comment_status":"closed","ping_status":"closed","template":"","meta":{"site-sidebar-layout":"default","site-content-layout":"","ast-site-content-layout":"default","site-content-style":"default","site-sidebar-style":"default","ast-global-header-display":"","ast-banner-title-visibility":"","ast-main-header-display":"","ast-hfb-above-header-display":"","ast-hfb-below-header-display":"","ast-hfb-mobile-header-display":"","site-post-title":"","ast-breadcrumbs-content":"","ast-featured-img":"","footer-sml-layout":"","theme-transparent-header-meta":"","adv-header-id-meta":"","stick-header-meta":"","header-above-stick-meta":"","header-main-stick-meta":"","header-below-stick-meta":"","astra-migrate-meta-layouts":"default","ast-page-background-enabled":"default","ast-page-background-meta":{"desktop":{"background-color":"var(--ast-global-color-5)","background-image":"","background-repeat":"repeat","background-position":"center center","background-size":"auto","background-attachment":"scroll","background-type":"","background-media":"","overlay-type":"","overlay-color":"","overlay-opacity":"","overlay-gradient":""},"tablet":{"background-color":"","background-image":"","background-repeat":"repeat","background-position":"center center","background-size":"auto","background-attachment":"scroll","background-type":"","background-media":"","overlay-type":"","overlay-color":"","overlay-opacity":"","overlay-gradient":""},"mobile":{"background-color":"","background-image":"","background-repeat":"repeat","background-position":"center center","background-size":"auto","background-attachment":"scroll","background-type":"","background-media":"","overlay-type":"","overlay-color":"","overlay-opacity":"","overlay-gradient":""}},"ast-content-background-meta":{"desktop":{"background-color":"var(--ast-global-color-4)","background-image":"","background-repeat":"repeat","background-position":"center center","background-size":"auto","background-attachment":"scroll","background-type":"","background-media":"","overlay-type":"","overlay-color":"","overlay-opacity":"","overlay-gradient":""},"tablet":{"background-color":"var(--ast-global-color-4)","background-image":"","background-repeat":"repeat","background-position":"center center","background-size":"auto","background-attachment":"scroll","background-type":"","background-media":"","overlay-type":"","overlay-color":"","overlay-opacity":"","overlay-gradient":""},"mobile":{"background-color":"var(--ast-global-color-4)","background-image":"","background-repeat":"repeat","background-position":"center center","background-size":"auto","background-attachment":"scroll","background-type":"","background-media":"","overlay-type":"","overlay-color":"","overlay-opacity":"","overlay-gradient":""}},"footnotes":""},"class_list":["post-2539","page","type-page","status-publish","hentry"],"_links":{"self":[{"href":"https:\/\/www.editorialdagon.es\/index.php\/wp-json\/wp\/v2\/pages\/2539","targetHints":{"allow":["GET"]}}],"collection":[{"href":"https:\/\/www.editorialdagon.es\/index.php\/wp-json\/wp\/v2\/pages"}],"about":[{"href":"https:\/\/www.editorialdagon.es\/index.php\/wp-json\/wp\/v2\/types\/page"}],"author":[{"embeddable":true,"href":"https:\/\/www.editorialdagon.es\/index.php\/wp-json\/wp\/v2\/users\/1"}],"replies":[{"embeddable":true,"href":"https:\/\/www.editorialdagon.es\/index.php\/wp-json\/wp\/v2\/comments?post=2539"}],"version-history":[{"count":11,"href":"https:\/\/www.editorialdagon.es\/index.php\/wp-json\/wp\/v2\/pages\/2539\/revisions"}],"predecessor-version":[{"id":3846,"href":"https:\/\/www.editorialdagon.es\/index.php\/wp-json\/wp\/v2\/pages\/2539\/revisions\/3846"}],"up":[{"embeddable":true,"href":"https:\/\/www.editorialdagon.es\/index.php\/wp-json\/wp\/v2\/pages\/291"}],"wp:attachment":[{"href":"https:\/\/www.editorialdagon.es\/index.php\/wp-json\/wp\/v2\/media?parent=2539"}],"curies":[{"name":"wp","href":"https:\/\/api.w.org\/{rel}","templated":true}]}}