{"id":2549,"date":"2025-05-08T18:50:05","date_gmt":"2025-05-08T18:50:05","guid":{"rendered":"https:\/\/www.editorialdagon.es\/?page_id=2549"},"modified":"2026-04-25T09:03:37","modified_gmt":"2026-04-25T09:03:37","slug":"h-p-blavatsky-cartas-de-h-p-blavatsky-a-a-p-sinnett","status":"publish","type":"page","link":"https:\/\/www.editorialdagon.es\/index.php\/obras\/h-p-blavatsky-cartas-de-h-p-blavatsky-a-a-p-sinnett\/","title":{"rendered":"H.P. BLAVATSKY &#8211; Cartas de H.P. Blavatsky a A.P. Sinnett"},"content":{"rendered":"\n<div class=\"wp-block-media-text is-stacked-on-mobile\"><figure class=\"wp-block-media-text__media\"><img loading=\"lazy\" decoding=\"async\" width=\"599\" height=\"900\" src=\"https:\/\/www.editorialdagon.es\/wp-content\/uploads\/2025\/05\/Portadas-libros.003.png\" alt=\"\" class=\"wp-image-2550 size-full\" srcset=\"https:\/\/www.editorialdagon.es\/wp-content\/uploads\/2025\/05\/Portadas-libros.003.png 599w, https:\/\/www.editorialdagon.es\/wp-content\/uploads\/2025\/05\/Portadas-libros.003-200x300.png 200w\" sizes=\"auto, (max-width: 599px) 100vw, 599px\" \/><\/figure><div class=\"wp-block-media-text__content\">\n<p><a href=\"http:\/\/www.editorialdagon.es\/index.php\/autores\/helena-petrovna-blavatsky\/\">HELENA PETROVNA BLAVATSKY<\/a><\/p>\n\n\n\n<p id=\"block-78fb9bc4-bf61-4162-bebe-635183133bb3\">A\u00f1o de edici\u00f3n:&nbsp;2025<\/p>\n\n\n\n<p id=\"block-a8dabfda-daab-485b-bf11-3ba60ad60449\">ISBN: 9788419540256<\/p>\n\n\n\n<p id=\"block-0a6de4f8-556a-4dbf-acfd-63a867a8f91a\">P\u00e1ginas: 576<\/p>\n\n\n\n<p id=\"block-35087728-7906-40b6-831e-e9d2c9f8ad24\">Precio: <strong>33\u00a0\u20ac<\/strong><\/p>\n\n\n\n<p>Puedes comprarlo en formato PDF. Contacta con el <a href=\"editor@editorialdagon.es\">Editor<\/a><\/p>\n\n\n\n<p id=\"block-deaa363d-433d-497c-b32e-1e285561d88c\">Fragmento: <em><a href=\"https:\/\/1drv.ms\/b\/c\/df94474a8d8027f4\/Edy9p9f1paJHvsW2FTG4_eYBqzkaQjlhsFrKIeCTG_HYcQ?e=3mYNDs\">Cartas de H.P.B. a A.P. Sinnett<\/a><\/em><\/p>\n\n\n\n<p>Contacto: <a href=\"mailto:editor@editorialdagon.es\"><em>editor@editorialdagon.es<\/em><\/a><\/p>\n<\/div><\/div>\n\n\n\n<p id=\"block-b391a669-08ae-4f47-ba30-fc3fa586d54e\"><strong>SINOPSIS<\/strong><\/p>\n\n\n\n<p>Las Cartas que aqu\u00ed se presentan al lector \u2013escritas por la Fundadora de la Sociedad Teos\u00f3fica entre los a\u00f1os 1880-1888\u2013, se consideran como un volumen complementario a <em>Las Cartas de los Mahatmas<\/em>, y deben ser le\u00eddas en conjunci\u00f3n con aquel trabajo. Han sido transcritas directamente de las originales y sin omisi\u00f3n.<br>El material compilado en este volumen [dos vol\u00famenes en la versi\u00f3n original] fue agrupado en una caja de madera por el Sr. Sinnett, y su contenido est\u00e1 ahora impreso, con la excepci\u00f3n de alguna correspondencia miscel\u00e1nea de varios escritores que no es de suficiente inter\u00e9s para justificar la publicaci\u00f3n.<br>El car\u00e1cter epistolar de este libro permite descubrir a una Blavatsky m\u00e1s cercana, y entre la enorme erudici\u00f3n y conocimiento esot\u00e9rico que muestra, podemos apreciar las vicisitudes turbulentas de una vida entregada a la difusi\u00f3n de la Sabidur\u00eda Eterna, o Teosof\u00eda.<br>Con una introducci\u00f3n de Mart\u00edn Leideraman.<\/p>\n\n\n\n<p class=\"has-text-align-center\">\u00ab<em>Una gran cantidad de luz se podr\u00eda verter si los libros como el gran volumen de casi 500 p\u00e1ginas de Las Cartas de los Mahatmas a A. P. Sinnett y un volumen similar de Las Cartas de H. P. Blavatsky a A. P. Sinnett se volvieran accesibles a aquellos lectores que no hablan ingl\u00e9s.<\/em>\u00bb<br><em>Cartas Helena Roerich<\/em><\/p>\n\n\n\n<p><strong>BOOK TRAILER<\/strong><\/p>\n\n\n\n<figure class=\"wp-block-embed is-type-video is-provider-youtube wp-block-embed-youtube wp-embed-aspect-16-9 wp-has-aspect-ratio\"><div class=\"wp-block-embed__wrapper\">\n<div class=\"ast-oembed-container \" style=\"height: 100%;\"><iframe loading=\"lazy\" title=\"Book Trailer  Cartas H.P.B  a A.P.S.\" width=\"500\" height=\"281\" src=\"https:\/\/www.youtube.com\/embed\/oczSuosr19Q?feature=oembed\" frameborder=\"0\" allow=\"accelerometer; autoplay; clipboard-write; encrypted-media; gyroscope; picture-in-picture; web-share\" referrerpolicy=\"strict-origin-when-cross-origin\" allowfullscreen><\/iframe><\/div>\n<\/div><\/figure>\n","protected":false},"excerpt":{"rendered":"<p>HELENA PETROVNA BLAVATSKY A\u00f1o de edici\u00f3n:&nbsp;2025 ISBN: 9788419540256 P\u00e1ginas: 576 Precio: 33\u00a0\u20ac Puedes comprarlo en formato PDF. Contacta con el [&hellip;]<\/p>\n","protected":false},"author":1,"featured_media":0,"parent":291,"menu_order":0,"comment_status":"closed","ping_status":"closed","template":"","meta":{"site-sidebar-layout":"default","site-content-layout":"","ast-site-content-layout":"default","site-content-style":"default","site-sidebar-style":"default","ast-global-header-display":"","ast-banner-title-visibility":"","ast-main-header-display":"","ast-hfb-above-header-display":"","ast-hfb-below-header-display":"","ast-hfb-mobile-header-display":"","site-post-title":"","ast-breadcrumbs-content":"","ast-featured-img":"","footer-sml-layout":"","theme-transparent-header-meta":"","adv-header-id-meta":"","stick-header-meta":"","header-above-stick-meta":"","header-main-stick-meta":"","header-below-stick-meta":"","astra-migrate-meta-layouts":"default","ast-page-background-enabled":"default","ast-page-background-meta":{"desktop":{"background-color":"var(--ast-global-color-5)","background-image":"","background-repeat":"repeat","background-position":"center center","background-size":"auto","background-attachment":"scroll","background-type":"","background-media":"","overlay-type":"","overlay-color":"","overlay-opacity":"","overlay-gradient":""},"tablet":{"background-color":"","background-image":"","background-repeat":"repeat","background-position":"center center","background-size":"auto","background-attachment":"scroll","background-type":"","background-media":"","overlay-type":"","overlay-color":"","overlay-opacity":"","overlay-gradient":""},"mobile":{"background-color":"","background-image":"","background-repeat":"repeat","background-position":"center center","background-size":"auto","background-attachment":"scroll","background-type":"","background-media":"","overlay-type":"","overlay-color":"","overlay-opacity":"","overlay-gradient":""}},"ast-content-background-meta":{"desktop":{"background-color":"var(--ast-global-color-4)","background-image":"","background-repeat":"repeat","background-position":"center center","background-size":"auto","background-attachment":"scroll","background-type":"","background-media":"","overlay-type":"","overlay-color":"","overlay-opacity":"","overlay-gradient":""},"tablet":{"background-color":"var(--ast-global-color-4)","background-image":"","background-repeat":"repeat","background-position":"center center","background-size":"auto","background-attachment":"scroll","background-type":"","background-media":"","overlay-type":"","overlay-color":"","overlay-opacity":"","overlay-gradient":""},"mobile":{"background-color":"var(--ast-global-color-4)","background-image":"","background-repeat":"repeat","background-position":"center center","background-size":"auto","background-attachment":"scroll","background-type":"","background-media":"","overlay-type":"","overlay-color":"","overlay-opacity":"","overlay-gradient":""}},"footnotes":""},"class_list":["post-2549","page","type-page","status-publish","hentry"],"_links":{"self":[{"href":"https:\/\/www.editorialdagon.es\/index.php\/wp-json\/wp\/v2\/pages\/2549","targetHints":{"allow":["GET"]}}],"collection":[{"href":"https:\/\/www.editorialdagon.es\/index.php\/wp-json\/wp\/v2\/pages"}],"about":[{"href":"https:\/\/www.editorialdagon.es\/index.php\/wp-json\/wp\/v2\/types\/page"}],"author":[{"embeddable":true,"href":"https:\/\/www.editorialdagon.es\/index.php\/wp-json\/wp\/v2\/users\/1"}],"replies":[{"embeddable":true,"href":"https:\/\/www.editorialdagon.es\/index.php\/wp-json\/wp\/v2\/comments?post=2549"}],"version-history":[{"count":9,"href":"https:\/\/www.editorialdagon.es\/index.php\/wp-json\/wp\/v2\/pages\/2549\/revisions"}],"predecessor-version":[{"id":3840,"href":"https:\/\/www.editorialdagon.es\/index.php\/wp-json\/wp\/v2\/pages\/2549\/revisions\/3840"}],"up":[{"embeddable":true,"href":"https:\/\/www.editorialdagon.es\/index.php\/wp-json\/wp\/v2\/pages\/291"}],"wp:attachment":[{"href":"https:\/\/www.editorialdagon.es\/index.php\/wp-json\/wp\/v2\/media?parent=2549"}],"curies":[{"name":"wp","href":"https:\/\/api.w.org\/{rel}","templated":true}]}}