{"id":294,"date":"2024-08-07T16:40:51","date_gmt":"2024-08-07T16:40:51","guid":{"rendered":"http:\/\/www.editorialdagon.es\/?page_id=294"},"modified":"2025-08-16T04:23:02","modified_gmt":"2025-08-16T04:23:02","slug":"contacto","status":"publish","type":"page","link":"https:\/\/www.editorialdagon.es\/index.php\/contacto\/","title":{"rendered":"CONTACTO"},"content":{"rendered":"\n<p class=\"has-medium-font-size\"><strong>LA EDITORIAL DAG\u00d3N TIENE DIVERSAS FORMAS DE CONTACTO:<\/strong><br>\u2022 <strong>WhatsApp\/Tel\u00e9fono:<\/strong> + 34 644 620 491<br>\u2022 <strong>Mail:<\/strong> <strong><a href=\"mailto:jrubio@editorialdagon.es\">editor@editorialdagon.es<\/a><\/strong><br>\u2022 <strong>Formulario de contacto <\/strong>en la p\u00e1gina de Inicio de esta Web<br>\u2022 <strong>Mensajes desde Facebook\/Messenger<\/strong><br>\u2022 <strong>IMPORTANTE:<\/strong> A ser posible preferimos el correo electr\u00f3nico<\/p>\n\n\n\n<p class=\"has-medium-font-size\"><strong>EST\u00c1 PRESENTE EN LAS REDES SOCIALES:<\/strong><br>\u2022 <strong>FACEBOOK:<\/strong><a href=\"https:\/\/www.facebook.com\/Hiperboreanet\">&nbsp;https:\/\/www.facebook.com\/Hiperboreanet<\/a><br>\u2022 <strong>YOUTUBE:&nbsp;<\/strong><a href=\"https:\/\/www.youtube.com\/channel\/UCZLqI3Sby3ATZW7JnWB-vxg\/videos\">https:\/\/www.youtube.com\/channel\/UCZLqI3Sby3ATZW7JnWB-vxg\/videos<\/a><br>\u2022 <strong>INSTAGRAM:<\/strong>&nbsp;<a href=\"https:\/\/www.instagram.com\/editorialdagon\/\">https:\/\/www.instagram.com\/editorialdagon\/<\/a><br>\u2022<strong> X:<\/strong> <a href=\"https:\/\/x.com\/messages\">https:\/\/x.com\/messages<\/a><\/p>\n\n\n\n<p class=\"has-medium-font-size\"><strong>LOS LIBROS SE VENDEN A TRAV\u00c9S DE DIVERSAS PLATAFORMAS:<\/strong><br>\u2022 <strong>Escribiendo directamente a la Editorial <\/strong>(editor@editorialdagon.es) y preparando un presupuesto<br>\u2022 <strong>A trav\u00e9s de una Web con pasarela de pago<\/strong>: <a href=\"https:\/\/editorialdagon.bajodemanda.com\/es\/\">https:\/\/editorialdagon.bajodemanda.com\/es\/<\/a><br>\u2022 <strong>Amazon<\/strong>, tanto libros f\u00edsicos como en formato Kindle<br>\u2022<strong> En diversas plataformas online<\/strong>: Casa del Libro, Mercadolibre de diversos pa\u00edses, Agapea, etc.<\/p>\n\n\n\n<p class=\"has-medium-font-size\"><strong>CONSIDERACIONES IMPORTANTES:<\/strong><br>\u2022 La Editorial utiliza el sistema de \u00abimpresi\u00f3n bajo demanda\u00bb<br>\u2022 Por est\u00e1 raz\u00f3n, los libros tardan unos 15 d\u00edas en entregarse<br>\u2022 Enviamos a todo el mundo<br>\u2022 Los costos de env\u00edo son los m\u00e1s baratos pero fiables posibles: paquete Internacional econ\u00f3mico, con seguimiento, de Correos<br>\u2022 Hay paises con acuerdos especiales que reducen, tanto el precio del env\u00edo como el tiempo de entrega. Son, a d\u00eda de hoy:  Argentina, Brasil, Colombia, M\u00e9xico, Chile, Ecuador, Per\u00fa, Uruguay y Portugal<br>\u2022 La Web con pasarela de pago (<a href=\"https:\/\/editorialdagon.bajodemanda.com\/es\/\">https:\/\/editorialdagon.bajodemanda.com\/es\/<\/a>) est\u00e1 adscrita a imprentas de los pa\u00edses mencionados, dando un servicio similar al nacional, en calidad, costos y tiempo<br>\u2022 Hay libros, como el <em><a href=\"http:\/\/www.editorialdagon.es\/index.php\/h-p-blavatsky-glosario-teosofico\/\" data-type=\"page\" data-id=\"1824\">Glosario Teos\u00f3fico<\/a><\/em>, o <em><a href=\"http:\/\/www.editorialdagon.es\/index.php\/obras\/h-p-blavatsky-isis-sin-velo-en-dos-tomos\/\" data-type=\"page\" data-id=\"740\">Isis sin Velo<\/a><\/em>, que hay que pedirlos directamente a la Editorial, porque el coste en la pasarela de pago es excesivo. Algunos tienen muchas p\u00e1ginas y otros im\u00e1genes en color<\/p>\n\n\n\n<p class=\"has-medium-font-size\">La Editorial Dag\u00f3n se encuentra fisicamente en Valencia, Espa\u00f1a<\/p>\n\n\n\n<p><\/p>\n","protected":false},"excerpt":{"rendered":"<p>LA EDITORIAL DAG\u00d3N TIENE DIVERSAS FORMAS DE CONTACTO:\u2022 WhatsApp\/Tel\u00e9fono: + 34 644 620 491\u2022 Mail: editor@editorialdagon.es\u2022 Formulario de contacto en [&hellip;]<\/p>\n","protected":false},"author":1,"featured_media":2985,"parent":0,"menu_order":0,"comment_status":"closed","ping_status":"closed","template":"","meta":{"site-sidebar-layout":"default","site-content-layout":"","ast-site-content-layout":"default","site-content-style":"default","site-sidebar-style":"default","ast-global-header-display":"","ast-banner-title-visibility":"","ast-main-header-display":"","ast-hfb-above-header-display":"","ast-hfb-below-header-display":"","ast-hfb-mobile-header-display":"","site-post-title":"disabled","ast-breadcrumbs-content":"","ast-featured-img":"","footer-sml-layout":"","theme-transparent-header-meta":"","adv-header-id-meta":"","stick-header-meta":"","header-above-stick-meta":"","header-main-stick-meta":"","header-below-stick-meta":"","astra-migrate-meta-layouts":"default","ast-page-background-enabled":"default","ast-page-background-meta":{"desktop":{"background-color":"var(--ast-global-color-5)","background-image":"","background-repeat":"repeat","background-position":"center center","background-size":"auto","background-attachment":"scroll","background-type":"","background-media":"","overlay-type":"","overlay-color":"","overlay-opacity":"","overlay-gradient":""},"tablet":{"background-color":"","background-image":"","background-repeat":"repeat","background-position":"center center","background-size":"auto","background-attachment":"scroll","background-type":"","background-media":"","overlay-type":"","overlay-color":"","overlay-opacity":"","overlay-gradient":""},"mobile":{"background-color":"","background-image":"","background-repeat":"repeat","background-position":"center center","background-size":"auto","background-attachment":"scroll","background-type":"","background-media":"","overlay-type":"","overlay-color":"","overlay-opacity":"","overlay-gradient":""}},"ast-content-background-meta":{"desktop":{"background-color":"var(--ast-global-color-4)","background-image":"","background-repeat":"repeat","background-position":"center center","background-size":"auto","background-attachment":"scroll","background-type":"","background-media":"","overlay-type":"","overlay-color":"","overlay-opacity":"","overlay-gradient":""},"tablet":{"background-color":"var(--ast-global-color-4)","background-image":"","background-repeat":"repeat","background-position":"center center","background-size":"auto","background-attachment":"scroll","background-type":"","background-media":"","overlay-type":"","overlay-color":"","overlay-opacity":"","overlay-gradient":""},"mobile":{"background-color":"var(--ast-global-color-4)","background-image":"","background-repeat":"repeat","background-position":"center center","background-size":"auto","background-attachment":"scroll","background-type":"","background-media":"","overlay-type":"","overlay-color":"","overlay-opacity":"","overlay-gradient":""}},"footnotes":""},"class_list":["post-294","page","type-page","status-publish","has-post-thumbnail","hentry"],"_links":{"self":[{"href":"https:\/\/www.editorialdagon.es\/index.php\/wp-json\/wp\/v2\/pages\/294","targetHints":{"allow":["GET"]}}],"collection":[{"href":"https:\/\/www.editorialdagon.es\/index.php\/wp-json\/wp\/v2\/pages"}],"about":[{"href":"https:\/\/www.editorialdagon.es\/index.php\/wp-json\/wp\/v2\/types\/page"}],"author":[{"embeddable":true,"href":"https:\/\/www.editorialdagon.es\/index.php\/wp-json\/wp\/v2\/users\/1"}],"replies":[{"embeddable":true,"href":"https:\/\/www.editorialdagon.es\/index.php\/wp-json\/wp\/v2\/comments?post=294"}],"version-history":[{"count":18,"href":"https:\/\/www.editorialdagon.es\/index.php\/wp-json\/wp\/v2\/pages\/294\/revisions"}],"predecessor-version":[{"id":3016,"href":"https:\/\/www.editorialdagon.es\/index.php\/wp-json\/wp\/v2\/pages\/294\/revisions\/3016"}],"wp:featuredmedia":[{"embeddable":true,"href":"https:\/\/www.editorialdagon.es\/index.php\/wp-json\/wp\/v2\/media\/2985"}],"wp:attachment":[{"href":"https:\/\/www.editorialdagon.es\/index.php\/wp-json\/wp\/v2\/media?parent=294"}],"curies":[{"name":"wp","href":"https:\/\/api.w.org\/{rel}","templated":true}]}}