{"id":3294,"date":"2025-11-19T02:32:08","date_gmt":"2025-11-19T02:32:08","guid":{"rendered":"https:\/\/www.editorialdagon.es\/?page_id=3294"},"modified":"2026-04-25T10:52:44","modified_gmt":"2026-04-25T10:52:44","slug":"hiperborea-necroeroticon","status":"publish","type":"page","link":"https:\/\/www.editorialdagon.es\/index.php\/obras\/hiperborea-necroeroticon\/","title":{"rendered":"HIPERB\u00d3REA &#8211; NECROEROTIC\u00d3N"},"content":{"rendered":"\n<h1 class=\"wp-block-heading\"><br>HIPERB\u00d3REA &#8211; NECROEROTIC\u00d3N<\/h1>\n\n\n\n<p id=\"block-9416f3c2-b4ca-4365-bb93-54eca047c0c0\"><\/p>\n\n\n\n<div class=\"wp-block-media-text is-stacked-on-mobile\"><figure class=\"wp-block-media-text__media\"><img loading=\"lazy\" decoding=\"async\" width=\"653\" height=\"1024\" src=\"https:\/\/www.editorialdagon.es\/wp-content\/uploads\/2025\/11\/Portada-Necro-I-1-653x1024.png\" alt=\"\" class=\"wp-image-3303 size-full\" srcset=\"https:\/\/www.editorialdagon.es\/wp-content\/uploads\/2025\/11\/Portada-Necro-I-1-653x1024.png 653w, https:\/\/www.editorialdagon.es\/wp-content\/uploads\/2025\/11\/Portada-Necro-I-1-191x300.png 191w, https:\/\/www.editorialdagon.es\/wp-content\/uploads\/2025\/11\/Portada-Necro-I-1-768x1205.png 768w, https:\/\/www.editorialdagon.es\/wp-content\/uploads\/2025\/11\/Portada-Necro-I-1-979x1536.png 979w, https:\/\/www.editorialdagon.es\/wp-content\/uploads\/2025\/11\/Portada-Necro-I-1-1305x2048.png 1305w, https:\/\/www.editorialdagon.es\/wp-content\/uploads\/2025\/11\/Portada-Necro-I-1-scaled.png 1632w\" sizes=\"auto, (max-width: 653px) 100vw, 653px\" \/><\/figure><div class=\"wp-block-media-text__content\">\n<p><a href=\"http:\/\/www.editorialdagon.es\/index.php\/autores\/hiperborea\/\"><strong>JOS\u00c9 MIGUEL CUESTA PUERTES <\/strong><\/a><a href=\"http:\/\/www.editorialdagon.es\/index.php\/autores\/hiperborea\/\" data-type=\"page\" data-id=\"1142\"><strong> <\/strong><\/a><\/p>\n\n\n\n<p>A\u00f1o de edici\u00f3n: 2025<\/p>\n\n\n\n<p>ISBN: 9788419540133<\/p>\n\n\n\n<p>P\u00e1ginas: 526<\/p>\n\n\n\n<p>Precio: <strong>\u00a027 \u20ac<\/strong><\/p>\n\n\n\n<p>Puedes comprarlo en formato PDF. Contacta con el <a href=\"editor@editorialdagon.es\">Editor<\/a>.<\/p>\n\n\n\n<p>Fragmento:<em> <a href=\"https:\/\/1drv.ms\/b\/c\/df94474a8d8027f4\/EXpAnkhEF7tNntiuUYd7FPIBY-aIMKUQXTA5bM-7yPdLEA?e=Gp8CzF\"><em>Necroerotic\u00f3n<\/em> Eros y T\u00e1natos<\/a><\/em><\/p>\n\n\n\n<p>Contacto: <a href=\"mailto:editor@editorialdagon.es\"><em>editor@editorialdagon.es<\/em><\/a><\/p>\n<\/div><\/div>\n\n\n\n<p id=\"block-9416f3c2-b4ca-4365-bb93-54eca047c0c0\"><\/p>\n\n\n\n<div class=\"wp-block-media-text has-media-on-the-right is-stacked-on-mobile\"><div class=\"wp-block-media-text__content\">\n<p class=\"has-text-align-right\"><strong><a href=\"http:\/\/www.editorialdagon.es\/index.php\/autores\/hiperborea\/\" data-type=\"page\" data-id=\"1142\">JOS\u00c9 RUBIO S\u00c1NCHEZ<\/a><\/strong><\/p>\n\n\n\n<p class=\"has-text-align-right\">A\u00f1o de edici\u00f3n: 2025<\/p>\n\n\n\n<p class=\"has-text-align-right\">ISBN: 9788419540140<\/p>\n\n\n\n<p class=\"has-text-align-right\">P\u00e1ginas: 216<\/p>\n\n\n\n<p class=\"has-text-align-right\">Precio: <strong>\u00a018 \u20ac<\/strong><\/p>\n\n\n\n<p class=\"has-text-align-right\">Puedes comprarlo en formato PDF. Contacta con el <a href=\"editor@editorialdagon.es\">Editor<\/a>.<\/p>\n\n\n\n<p class=\"has-text-align-right\">Fragmento:<em> <a href=\"https:\/\/1drv.ms\/b\/c\/df94474a8d8027f4\/EQB26lZtL-tGm6sjorM5DVgBpCsrrfklna0tZ4SZDBsICA?e=pMU9Te\">Necroerotic\u00f3n Caminar\u00e1s entre Tinieblas<\/a><\/em><\/p>\n\n\n\n<p class=\"has-text-align-right\">Contacto: <a href=\"mailto:editor@editorialdagon.es\"><em>editor@editorialdagon.es<\/em><\/a><\/p>\n<\/div><figure class=\"wp-block-media-text__media\"><img loading=\"lazy\" decoding=\"async\" width=\"655\" height=\"1024\" src=\"https:\/\/www.editorialdagon.es\/wp-content\/uploads\/2025\/11\/Portada-Necro-II-655x1024.png\" alt=\"\" class=\"wp-image-3299 size-full\" srcset=\"https:\/\/www.editorialdagon.es\/wp-content\/uploads\/2025\/11\/Portada-Necro-II-655x1024.png 655w, https:\/\/www.editorialdagon.es\/wp-content\/uploads\/2025\/11\/Portada-Necro-II-192x300.png 192w, https:\/\/www.editorialdagon.es\/wp-content\/uploads\/2025\/11\/Portada-Necro-II-768x1200.png 768w, https:\/\/www.editorialdagon.es\/wp-content\/uploads\/2025\/11\/Portada-Necro-II-983x1536.png 983w, https:\/\/www.editorialdagon.es\/wp-content\/uploads\/2025\/11\/Portada-Necro-II-1310x2048.png 1310w, https:\/\/www.editorialdagon.es\/wp-content\/uploads\/2025\/11\/Portada-Necro-II-scaled.png 1638w\" sizes=\"auto, (max-width: 655px) 100vw, 655px\" \/><\/figure><\/div>\n\n\n\n<p id=\"block-9416f3c2-b4ca-4365-bb93-54eca047c0c0\"><\/p>\n\n\n\n<p id=\"block-739cbfa9-ec47-48c0-a794-724b113b5069\"><strong>SINOPSIS<\/strong><\/p>\n\n\n\n<p id=\"block-a672de5a-bc42-49df-9bd2-19f279fe1276\">La antolog\u00eda que tienes entre las manos, no es un mero recopilatorio de relatos, sino una senda a trav\u00e9s de los p\u00e1ramos inquietantes del sexo y la muerteAmbos misterios forman parte de la exisencia, est\u00e1n unidos por los mismos lazos que abrazan al placer y el dolor, la belleza y la fealdad.<br>Necroerotic\u00f3n es una obra (en dos tomos) que rinde homenaje a las fuentes de la literatura cl\u00e1sica. No es de extra\u00f1ar que en sus p\u00e1ginas se encuentren ecos de pilares de nuestro imaginario colectivo, como el <em>Decamer\u00f3n<\/em>, <em>Las Mil y Una Noches<\/em>, o de las pesadillas de demiurgos modernos, como H.P. Lovecraft o Edgar Allan Poe.<br>Con la misma delicadeza de las Parcas, los autores han tejido la compleja urdimbre que aqu\u00ed os presentamos, un tapiz de pasiones y angustias ante lo desconocido, de curiosidad y locura, de amor y muerte, de oscuridad y luces que se niegan a extinguirse.<br>Son historias a cu\u00e1l m\u00e1s extra\u00f1a y diferente, pero todas se adentran en un mundo esot\u00e9rico, donde se exponen los misterios macabros de eso que perturba y obsesiona a la Humanidad: el sexo.<\/p>\n\n\n\n<p>BOOK TRAILER<\/p>\n\n\n\n<figure class=\"wp-block-embed is-type-video is-provider-youtube wp-block-embed-youtube wp-embed-aspect-16-9 wp-has-aspect-ratio\"><div class=\"wp-block-embed__wrapper\">\n<div class=\"ast-oembed-container \" style=\"height: 100%;\"><iframe loading=\"lazy\" title=\"Book Trailer   - Necroerotic\u00f3n\" width=\"500\" height=\"281\" src=\"https:\/\/www.youtube.com\/embed\/LbggW88jP_M?feature=oembed\" frameborder=\"0\" allow=\"accelerometer; autoplay; clipboard-write; encrypted-media; gyroscope; picture-in-picture; web-share\" referrerpolicy=\"strict-origin-when-cross-origin\" allowfullscreen><\/iframe><\/div>\n<\/div><\/figure>\n","protected":false},"excerpt":{"rendered":"<p>HIPERB\u00d3REA &#8211; NECROEROTIC\u00d3N JOS\u00c9 MIGUEL CUESTA PUERTES A\u00f1o de edici\u00f3n: 2025 ISBN: 9788419540133 P\u00e1ginas: 526 Precio: \u00a027 \u20ac Puedes comprarlo [&hellip;]<\/p>\n","protected":false},"author":1,"featured_media":0,"parent":291,"menu_order":0,"comment_status":"closed","ping_status":"closed","template":"","meta":{"site-sidebar-layout":"default","site-content-layout":"","ast-site-content-layout":"default","site-content-style":"default","site-sidebar-style":"default","ast-global-header-display":"","ast-banner-title-visibility":"","ast-main-header-display":"","ast-hfb-above-header-display":"","ast-hfb-below-header-display":"","ast-hfb-mobile-header-display":"","site-post-title":"disabled","ast-breadcrumbs-content":"","ast-featured-img":"","footer-sml-layout":"","theme-transparent-header-meta":"","adv-header-id-meta":"","stick-header-meta":"","header-above-stick-meta":"","header-main-stick-meta":"","header-below-stick-meta":"","astra-migrate-meta-layouts":"default","ast-page-background-enabled":"default","ast-page-background-meta":{"desktop":{"background-color":"var(--ast-global-color-5)","background-image":"","background-repeat":"repeat","background-position":"center center","background-size":"auto","background-attachment":"scroll","background-type":"","background-media":"","overlay-type":"","overlay-color":"","overlay-opacity":"","overlay-gradient":""},"tablet":{"background-color":"","background-image":"","background-repeat":"repeat","background-position":"center center","background-size":"auto","background-attachment":"scroll","background-type":"","background-media":"","overlay-type":"","overlay-color":"","overlay-opacity":"","overlay-gradient":""},"mobile":{"background-color":"","background-image":"","background-repeat":"repeat","background-position":"center center","background-size":"auto","background-attachment":"scroll","background-type":"","background-media":"","overlay-type":"","overlay-color":"","overlay-opacity":"","overlay-gradient":""}},"ast-content-background-meta":{"desktop":{"background-color":"var(--ast-global-color-4)","background-image":"","background-repeat":"repeat","background-position":"center center","background-size":"auto","background-attachment":"scroll","background-type":"","background-media":"","overlay-type":"","overlay-color":"","overlay-opacity":"","overlay-gradient":""},"tablet":{"background-color":"var(--ast-global-color-4)","background-image":"","background-repeat":"repeat","background-position":"center center","background-size":"auto","background-attachment":"scroll","background-type":"","background-media":"","overlay-type":"","overlay-color":"","overlay-opacity":"","overlay-gradient":""},"mobile":{"background-color":"var(--ast-global-color-4)","background-image":"","background-repeat":"repeat","background-position":"center center","background-size":"auto","background-attachment":"scroll","background-type":"","background-media":"","overlay-type":"","overlay-color":"","overlay-opacity":"","overlay-gradient":""}},"footnotes":""},"class_list":["post-3294","page","type-page","status-publish","hentry"],"_links":{"self":[{"href":"https:\/\/www.editorialdagon.es\/index.php\/wp-json\/wp\/v2\/pages\/3294","targetHints":{"allow":["GET"]}}],"collection":[{"href":"https:\/\/www.editorialdagon.es\/index.php\/wp-json\/wp\/v2\/pages"}],"about":[{"href":"https:\/\/www.editorialdagon.es\/index.php\/wp-json\/wp\/v2\/types\/page"}],"author":[{"embeddable":true,"href":"https:\/\/www.editorialdagon.es\/index.php\/wp-json\/wp\/v2\/users\/1"}],"replies":[{"embeddable":true,"href":"https:\/\/www.editorialdagon.es\/index.php\/wp-json\/wp\/v2\/comments?post=3294"}],"version-history":[{"count":10,"href":"https:\/\/www.editorialdagon.es\/index.php\/wp-json\/wp\/v2\/pages\/3294\/revisions"}],"predecessor-version":[{"id":3875,"href":"https:\/\/www.editorialdagon.es\/index.php\/wp-json\/wp\/v2\/pages\/3294\/revisions\/3875"}],"up":[{"embeddable":true,"href":"https:\/\/www.editorialdagon.es\/index.php\/wp-json\/wp\/v2\/pages\/291"}],"wp:attachment":[{"href":"https:\/\/www.editorialdagon.es\/index.php\/wp-json\/wp\/v2\/media?parent=3294"}],"curies":[{"name":"wp","href":"https:\/\/api.w.org\/{rel}","templated":true}]}}