{"id":3807,"date":"2026-03-31T18:49:45","date_gmt":"2026-03-31T18:49:45","guid":{"rendered":"https:\/\/www.editorialdagon.es\/?page_id=3807"},"modified":"2026-04-25T11:23:25","modified_gmt":"2026-04-25T11:23:25","slug":"arthur-e-powell-el-sistema-solar","status":"publish","type":"page","link":"https:\/\/www.editorialdagon.es\/index.php\/obras\/arthur-e-powell-el-sistema-solar\/","title":{"rendered":"ARTHUR E. POWELL &#8211; El SISTEMA SOLAR"},"content":{"rendered":"\n<div class=\"wp-block-media-text is-stacked-on-mobile\" style=\"grid-template-columns:40% auto\"><figure class=\"wp-block-media-text__media\"><img loading=\"lazy\" decoding=\"async\" width=\"697\" height=\"1024\" src=\"https:\/\/www.editorialdagon.es\/wp-content\/uploads\/2026\/03\/Captura-de-pantalla-2026-03-31-a-las-20.14.42-697x1024.jpg\" alt=\"\" class=\"wp-image-3809 size-full\" srcset=\"https:\/\/www.editorialdagon.es\/wp-content\/uploads\/2026\/03\/Captura-de-pantalla-2026-03-31-a-las-20.14.42-697x1024.jpg 697w, https:\/\/www.editorialdagon.es\/wp-content\/uploads\/2026\/03\/Captura-de-pantalla-2026-03-31-a-las-20.14.42-204x300.jpg 204w, https:\/\/www.editorialdagon.es\/wp-content\/uploads\/2026\/03\/Captura-de-pantalla-2026-03-31-a-las-20.14.42-768x1129.jpg 768w, https:\/\/www.editorialdagon.es\/wp-content\/uploads\/2026\/03\/Captura-de-pantalla-2026-03-31-a-las-20.14.42-1045x1536.jpg 1045w, https:\/\/www.editorialdagon.es\/wp-content\/uploads\/2026\/03\/Captura-de-pantalla-2026-03-31-a-las-20.14.42-1394x2048.jpg 1394w, https:\/\/www.editorialdagon.es\/wp-content\/uploads\/2026\/03\/Captura-de-pantalla-2026-03-31-a-las-20.14.42-scaled.jpg 1742w\" sizes=\"auto, (max-width: 697px) 100vw, 697px\" \/><\/figure><div class=\"wp-block-media-text__content\">\n<p><a href=\"https:\/\/www.editorialdagon.es\/index.php\/autores\/arthur-e-powell\/\" data-type=\"page\" data-id=\"2031\"><strong>ARTHUR E. POWELL<\/strong><\/a><br>A\u00f1o de edici\u00f3n:\u00a02026<br>ISBN: \u00a09788419540904<br>P\u00e1ginas: 478<br>Precio B&amp;N: <strong>23 \u20ac<\/strong><br>Precio color: <strong>27 \u20ac<\/strong><br>Puedes comprarlo en formato PDF. <a href=\"editor@editorialdagon.es\"><em>Contacta con el Editor<\/em><\/a><br>Fragmento: <a href=\"https:\/\/1drv.ms\/b\/c\/df94474a8d8027f4\/IQBGNt_5QoGhSKrr-rch7eSnAbCOG63UVD-wH1mARt_7KW8?e=9gXasZ\"><em>El Sistema Solar<\/em><\/a><br>Contacto: <a href=\"mailto:editor@editorialdagon.es\"><em>editor@editorialdagon.es<\/em><\/a><br><\/p>\n\n\n\n<p class=\"has-vivid-red-color has-text-color has-link-color wp-elements-e1255c199876a9a3879d3eb0080b1455\"><strong>NOTA<\/strong>: la versi\u00f3n b\u00e1sica que se vende en diversos lugares no tiene im\u00e1genes en color. Pero puede conseguir una versi\u00f3n en color pidi\u00e9ndola directamente a la Editorial.<\/p>\n<\/div><\/div>\n\n\n\n<p><strong>SINOPSIS<\/strong><br>Hoy en d\u00eda hay una gran cantidad de informaci\u00f3n sobre Teosof\u00eda y temas similares, pero en su mayor parte est\u00e1 dispersa en un gran n\u00famero de libros. El prop\u00f3sito de esta Edici\u00f3n, por lo tanto, es poner a disposici\u00f3n del estudiante (cuyo tiempo para el estudio intensivo es limitado) una s\u00edntesis lo m\u00e1s completa posible.&nbsp;<br>El autor (Arthur E. Powell) compil\u00f3 met\u00f3dicamente la informaci\u00f3n obtenida de m\u00e1s de 70 libros de te\u00f3sofos eminentes (una lista de los cuales se da en cada volumen), organizando el material, extremadamente complejo, que cubre un vasto campo del Mundo Visible e Invisible.&nbsp;<br>Nuestra intenci\u00f3n es que, por este medio, los estudiantes actuales y futuros se ahorren mucho trabajo e investigaci\u00f3n, siendo capaces, no solo de encontrar la informaci\u00f3n que necesitan presentada en una gu\u00eda relativamente breve, sino tambi\u00e9n, con la ayuda de referencias bibliogr\u00e1ficas en los p\u00e1rrafos, referirse, si as\u00ed lo desean, a las fuentes originales de la informaci\u00f3n.&nbsp;<br>\u00ab<em>El estudio adecuado de la humanidad es el hombre<\/em>\u00bb, y el tema es tan vasto, tan absorbente e importante, que se debe hacer lo posible para hacer accesible \u2013a los que tienen sed de Conocimiento\u2013 de toda la informaci\u00f3n que se ha acumulado durante decenios.<\/p>\n\n\n\n<p>Algunos gr\u00e1ficos del libro:<\/p>\n\n\n\n<figure class=\"wp-block-gallery has-nested-images columns-default is-cropped wp-block-gallery-1 is-layout-flex wp-block-gallery-is-layout-flex\">\n<figure class=\"wp-block-image size-large\"><img loading=\"lazy\" decoding=\"async\" width=\"1024\" height=\"875\" data-id=\"3812\" src=\"https:\/\/www.editorialdagon.es\/wp-content\/uploads\/2026\/03\/Captura-de-pantalla-2026-03-31-a-las-20.39.13-1024x875.jpg\" alt=\"\" class=\"wp-image-3812\" srcset=\"https:\/\/www.editorialdagon.es\/wp-content\/uploads\/2026\/03\/Captura-de-pantalla-2026-03-31-a-las-20.39.13-1024x875.jpg 1024w, https:\/\/www.editorialdagon.es\/wp-content\/uploads\/2026\/03\/Captura-de-pantalla-2026-03-31-a-las-20.39.13-300x256.jpg 300w, https:\/\/www.editorialdagon.es\/wp-content\/uploads\/2026\/03\/Captura-de-pantalla-2026-03-31-a-las-20.39.13-768x656.jpg 768w, https:\/\/www.editorialdagon.es\/wp-content\/uploads\/2026\/03\/Captura-de-pantalla-2026-03-31-a-las-20.39.13-1536x1312.jpg 1536w, https:\/\/www.editorialdagon.es\/wp-content\/uploads\/2026\/03\/Captura-de-pantalla-2026-03-31-a-las-20.39.13.jpg 1899w\" sizes=\"auto, (max-width: 1024px) 100vw, 1024px\" \/><figcaption class=\"wp-element-caption\">Screenshot<\/figcaption><\/figure>\n\n\n\n<figure class=\"wp-block-image size-large\"><img loading=\"lazy\" decoding=\"async\" width=\"1010\" height=\"1024\" data-id=\"3810\" src=\"https:\/\/www.editorialdagon.es\/wp-content\/uploads\/2026\/03\/Captura-de-pantalla-2026-03-31-a-las-20.42.33-1010x1024.jpg\" alt=\"\" class=\"wp-image-3810\" srcset=\"https:\/\/www.editorialdagon.es\/wp-content\/uploads\/2026\/03\/Captura-de-pantalla-2026-03-31-a-las-20.42.33-1010x1024.jpg 1010w, https:\/\/www.editorialdagon.es\/wp-content\/uploads\/2026\/03\/Captura-de-pantalla-2026-03-31-a-las-20.42.33-296x300.jpg 296w, https:\/\/www.editorialdagon.es\/wp-content\/uploads\/2026\/03\/Captura-de-pantalla-2026-03-31-a-las-20.42.33-768x779.jpg 768w, https:\/\/www.editorialdagon.es\/wp-content\/uploads\/2026\/03\/Captura-de-pantalla-2026-03-31-a-las-20.42.33-1514x1536.jpg 1514w, https:\/\/www.editorialdagon.es\/wp-content\/uploads\/2026\/03\/Captura-de-pantalla-2026-03-31-a-las-20.42.33.jpg 1534w\" sizes=\"auto, (max-width: 1010px) 100vw, 1010px\" \/><figcaption class=\"wp-element-caption\">Screenshot<\/figcaption><\/figure>\n\n\n\n<figure class=\"wp-block-image size-large\"><img loading=\"lazy\" decoding=\"async\" width=\"1024\" height=\"797\" data-id=\"3815\" src=\"https:\/\/www.editorialdagon.es\/wp-content\/uploads\/2026\/03\/Captura-de-pantalla-2026-03-31-a-las-20.42.48-1024x797.jpg\" alt=\"\" class=\"wp-image-3815\" srcset=\"https:\/\/www.editorialdagon.es\/wp-content\/uploads\/2026\/03\/Captura-de-pantalla-2026-03-31-a-las-20.42.48-1024x797.jpg 1024w, https:\/\/www.editorialdagon.es\/wp-content\/uploads\/2026\/03\/Captura-de-pantalla-2026-03-31-a-las-20.42.48-300x233.jpg 300w, https:\/\/www.editorialdagon.es\/wp-content\/uploads\/2026\/03\/Captura-de-pantalla-2026-03-31-a-las-20.42.48-768x597.jpg 768w, https:\/\/www.editorialdagon.es\/wp-content\/uploads\/2026\/03\/Captura-de-pantalla-2026-03-31-a-las-20.42.48-1536x1195.jpg 1536w, https:\/\/www.editorialdagon.es\/wp-content\/uploads\/2026\/03\/Captura-de-pantalla-2026-03-31-a-las-20.42.48.jpg 1976w\" sizes=\"auto, (max-width: 1024px) 100vw, 1024px\" \/><figcaption class=\"wp-element-caption\">Screenshot<\/figcaption><\/figure>\n\n\n\n<figure class=\"wp-block-image size-large\"><img loading=\"lazy\" decoding=\"async\" width=\"987\" height=\"1024\" data-id=\"3814\" src=\"https:\/\/www.editorialdagon.es\/wp-content\/uploads\/2026\/03\/Captura-de-pantalla-2026-03-31-a-las-20.41.23-987x1024.jpg\" alt=\"\" class=\"wp-image-3814\" srcset=\"https:\/\/www.editorialdagon.es\/wp-content\/uploads\/2026\/03\/Captura-de-pantalla-2026-03-31-a-las-20.41.23-987x1024.jpg 987w, https:\/\/www.editorialdagon.es\/wp-content\/uploads\/2026\/03\/Captura-de-pantalla-2026-03-31-a-las-20.41.23-289x300.jpg 289w, https:\/\/www.editorialdagon.es\/wp-content\/uploads\/2026\/03\/Captura-de-pantalla-2026-03-31-a-las-20.41.23-768x797.jpg 768w, https:\/\/www.editorialdagon.es\/wp-content\/uploads\/2026\/03\/Captura-de-pantalla-2026-03-31-a-las-20.41.23.jpg 1448w\" sizes=\"auto, (max-width: 987px) 100vw, 987px\" \/><figcaption class=\"wp-element-caption\">Screenshot<\/figcaption><\/figure>\n\n\n\n<figure class=\"wp-block-image size-large\"><img loading=\"lazy\" decoding=\"async\" width=\"738\" height=\"1024\" data-id=\"3813\" src=\"https:\/\/www.editorialdagon.es\/wp-content\/uploads\/2026\/03\/Captura-de-pantalla-2026-03-31-a-las-20.42.18-738x1024.jpg\" alt=\"\" class=\"wp-image-3813\" srcset=\"https:\/\/www.editorialdagon.es\/wp-content\/uploads\/2026\/03\/Captura-de-pantalla-2026-03-31-a-las-20.42.18-738x1024.jpg 738w, https:\/\/www.editorialdagon.es\/wp-content\/uploads\/2026\/03\/Captura-de-pantalla-2026-03-31-a-las-20.42.18-216x300.jpg 216w, https:\/\/www.editorialdagon.es\/wp-content\/uploads\/2026\/03\/Captura-de-pantalla-2026-03-31-a-las-20.42.18-768x1065.jpg 768w, https:\/\/www.editorialdagon.es\/wp-content\/uploads\/2026\/03\/Captura-de-pantalla-2026-03-31-a-las-20.42.18-1107x1536.jpg 1107w, https:\/\/www.editorialdagon.es\/wp-content\/uploads\/2026\/03\/Captura-de-pantalla-2026-03-31-a-las-20.42.18.jpg 1428w\" sizes=\"auto, (max-width: 738px) 100vw, 738px\" \/><figcaption class=\"wp-element-caption\">Screenshot<\/figcaption><\/figure>\n\n\n\n<figure class=\"wp-block-image size-large\"><img loading=\"lazy\" decoding=\"async\" width=\"1024\" height=\"991\" data-id=\"3811\" src=\"https:\/\/www.editorialdagon.es\/wp-content\/uploads\/2026\/03\/Captura-de-pantalla-2026-03-31-a-las-20.42.55-1024x991.jpg\" alt=\"\" class=\"wp-image-3811\" srcset=\"https:\/\/www.editorialdagon.es\/wp-content\/uploads\/2026\/03\/Captura-de-pantalla-2026-03-31-a-las-20.42.55-1024x991.jpg 1024w, https:\/\/www.editorialdagon.es\/wp-content\/uploads\/2026\/03\/Captura-de-pantalla-2026-03-31-a-las-20.42.55-300x290.jpg 300w, https:\/\/www.editorialdagon.es\/wp-content\/uploads\/2026\/03\/Captura-de-pantalla-2026-03-31-a-las-20.42.55-768x743.jpg 768w, https:\/\/www.editorialdagon.es\/wp-content\/uploads\/2026\/03\/Captura-de-pantalla-2026-03-31-a-las-20.42.55.jpg 1496w\" sizes=\"auto, (max-width: 1024px) 100vw, 1024px\" \/><figcaption class=\"wp-element-caption\">Screenshot<\/figcaption><\/figure>\n<\/figure>\n\n\n\n<p><strong>BOOK TRAILER<\/strong><\/p>\n\n\n\n<figure class=\"wp-block-embed is-type-video is-provider-youtube wp-block-embed-youtube wp-embed-aspect-16-9 wp-has-aspect-ratio\"><div class=\"wp-block-embed__wrapper\">\n<div class=\"ast-oembed-container \" style=\"height: 100%;\"><iframe loading=\"lazy\" title=\"Book Trailer Arthur E. Powell  - El Sistema Solar\" width=\"500\" height=\"281\" src=\"https:\/\/www.youtube.com\/embed\/FlFjmLVALvw?feature=oembed\" frameborder=\"0\" allow=\"accelerometer; autoplay; clipboard-write; encrypted-media; gyroscope; picture-in-picture; web-share\" referrerpolicy=\"strict-origin-when-cross-origin\" allowfullscreen><\/iframe><\/div>\n<\/div><\/figure>\n\n\n\n<p><\/p>\n","protected":false},"excerpt":{"rendered":"<p>ARTHUR E. POWELLA\u00f1o de edici\u00f3n:\u00a02026ISBN: \u00a09788419540904P\u00e1ginas: 478Precio B&amp;N: 23 \u20acPrecio color: 27 \u20acPuedes comprarlo en formato PDF. Contacta con el [&hellip;]<\/p>\n","protected":false},"author":1,"featured_media":0,"parent":291,"menu_order":0,"comment_status":"closed","ping_status":"closed","template":"","meta":{"site-sidebar-layout":"default","site-content-layout":"","ast-site-content-layout":"default","site-content-style":"default","site-sidebar-style":"default","ast-global-header-display":"","ast-banner-title-visibility":"","ast-main-header-display":"","ast-hfb-above-header-display":"","ast-hfb-below-header-display":"","ast-hfb-mobile-header-display":"","site-post-title":"disabled","ast-breadcrumbs-content":"","ast-featured-img":"","footer-sml-layout":"","theme-transparent-header-meta":"","adv-header-id-meta":"","stick-header-meta":"","header-above-stick-meta":"","header-main-stick-meta":"","header-below-stick-meta":"","astra-migrate-meta-layouts":"default","ast-page-background-enabled":"default","ast-page-background-meta":{"desktop":{"background-color":"var(--ast-global-color-5)","background-image":"","background-repeat":"repeat","background-position":"center center","background-size":"auto","background-attachment":"scroll","background-type":"","background-media":"","overlay-type":"","overlay-color":"","overlay-opacity":"","overlay-gradient":""},"tablet":{"background-color":"","background-image":"","background-repeat":"repeat","background-position":"center center","background-size":"auto","background-attachment":"scroll","background-type":"","background-media":"","overlay-type":"","overlay-color":"","overlay-opacity":"","overlay-gradient":""},"mobile":{"background-color":"","background-image":"","background-repeat":"repeat","background-position":"center center","background-size":"auto","background-attachment":"scroll","background-type":"","background-media":"","overlay-type":"","overlay-color":"","overlay-opacity":"","overlay-gradient":""}},"ast-content-background-meta":{"desktop":{"background-color":"var(--ast-global-color-4)","background-image":"","background-repeat":"repeat","background-position":"center center","background-size":"auto","background-attachment":"scroll","background-type":"","background-media":"","overlay-type":"","overlay-color":"","overlay-opacity":"","overlay-gradient":""},"tablet":{"background-color":"var(--ast-global-color-4)","background-image":"","background-repeat":"repeat","background-position":"center center","background-size":"auto","background-attachment":"scroll","background-type":"","background-media":"","overlay-type":"","overlay-color":"","overlay-opacity":"","overlay-gradient":""},"mobile":{"background-color":"var(--ast-global-color-4)","background-image":"","background-repeat":"repeat","background-position":"center center","background-size":"auto","background-attachment":"scroll","background-type":"","background-media":"","overlay-type":"","overlay-color":"","overlay-opacity":"","overlay-gradient":""}},"footnotes":""},"class_list":["post-3807","page","type-page","status-publish","hentry"],"_links":{"self":[{"href":"https:\/\/www.editorialdagon.es\/index.php\/wp-json\/wp\/v2\/pages\/3807","targetHints":{"allow":["GET"]}}],"collection":[{"href":"https:\/\/www.editorialdagon.es\/index.php\/wp-json\/wp\/v2\/pages"}],"about":[{"href":"https:\/\/www.editorialdagon.es\/index.php\/wp-json\/wp\/v2\/types\/page"}],"author":[{"embeddable":true,"href":"https:\/\/www.editorialdagon.es\/index.php\/wp-json\/wp\/v2\/users\/1"}],"replies":[{"embeddable":true,"href":"https:\/\/www.editorialdagon.es\/index.php\/wp-json\/wp\/v2\/comments?post=3807"}],"version-history":[{"count":4,"href":"https:\/\/www.editorialdagon.es\/index.php\/wp-json\/wp\/v2\/pages\/3807\/revisions"}],"predecessor-version":[{"id":3906,"href":"https:\/\/www.editorialdagon.es\/index.php\/wp-json\/wp\/v2\/pages\/3807\/revisions\/3906"}],"up":[{"embeddable":true,"href":"https:\/\/www.editorialdagon.es\/index.php\/wp-json\/wp\/v2\/pages\/291"}],"wp:attachment":[{"href":"https:\/\/www.editorialdagon.es\/index.php\/wp-json\/wp\/v2\/media?parent=3807"}],"curies":[{"name":"wp","href":"https:\/\/api.w.org\/{rel}","templated":true}]}}