{"id":812,"date":"2024-08-08T08:19:28","date_gmt":"2024-08-08T08:19:28","guid":{"rendered":"http:\/\/www.editorialdagon.es\/?page_id=812"},"modified":"2026-03-18T12:36:10","modified_gmt":"2026-03-18T12:36:10","slug":"michel-coquet-el-maestro-tibetano","status":"publish","type":"page","link":"https:\/\/www.editorialdagon.es\/index.php\/obras\/michel-coquet-el-maestro-tibetano\/","title":{"rendered":"MICHEL COQUET &#8211; El Maestro Tibetano"},"content":{"rendered":"\n<div class=\"wp-block-media-text is-stacked-on-mobile\" style=\"grid-template-columns:30% auto\"><figure class=\"wp-block-media-text__media\"><img loading=\"lazy\" decoding=\"async\" width=\"653\" height=\"1024\" src=\"http:\/\/www.editorialdagon.es\/wp-content\/uploads\/2024\/08\/Portadas-Word-Press-2024_Pagina_064-653x1024.jpg\" alt=\"\" class=\"wp-image-1019 size-full\" srcset=\"https:\/\/www.editorialdagon.es\/wp-content\/uploads\/2024\/08\/Portadas-Word-Press-2024_Pagina_064-653x1024.jpg 653w, https:\/\/www.editorialdagon.es\/wp-content\/uploads\/2024\/08\/Portadas-Word-Press-2024_Pagina_064-191x300.jpg 191w, https:\/\/www.editorialdagon.es\/wp-content\/uploads\/2024\/08\/Portadas-Word-Press-2024_Pagina_064-768x1204.jpg 768w, https:\/\/www.editorialdagon.es\/wp-content\/uploads\/2024\/08\/Portadas-Word-Press-2024_Pagina_064-980x1536.jpg 980w, https:\/\/www.editorialdagon.es\/wp-content\/uploads\/2024\/08\/Portadas-Word-Press-2024_Pagina_064-1306x2048.jpg 1306w, https:\/\/www.editorialdagon.es\/wp-content\/uploads\/2024\/08\/Portadas-Word-Press-2024_Pagina_064-1140x1787.jpg 1140w, https:\/\/www.editorialdagon.es\/wp-content\/uploads\/2024\/08\/Portadas-Word-Press-2024_Pagina_064.jpg 1316w\" sizes=\"auto, (max-width: 653px) 100vw, 653px\" \/><\/figure><div class=\"wp-block-media-text__content\">\n<p><strong><a href=\"http:\/\/www.editorialdagon.es\/index.php\/autores\/michel-coquet\/\" data-type=\"page\" data-id=\"1130\">MICHEL COQUET<\/a><\/strong><br>A\u00f1o de edici\u00f3n:\u00a02023<br>ISBN: 9788412509632<br>P\u00e1ginas: 332<br>Precio B&amp;N: <strong>31 \u20ac<\/strong><br>Precio color: <strong>33\u00a0\u20ac<\/strong><br>Puedes comprarlo en formato PDF. <a href=\"editor@editorialdagon.es\"><em>Contacta con el Editor<\/em><\/a><br><a href=\"https:\/\/www.amazon.es\/El-Maestro-Tibetano-Djwal-Khool-ebook\/dp\/B0F5BC13QH\/ref=sr_1_9?dib=eyJ2IjoiMSJ9.4m2-yG5S9COCmZH6kUsZgM1_7YMPPak140JcOcF80nXJ5fuEZ_z0fTZ04HKQOSZsNvBYN_-uxwFvfIdXO09I7tgw8FNJJCpCkm9wyirXSJpHf6mGUPZ_-jPpQV455HUTxCcIUj9HUdBaWOz-MBpBX9m5YJnY2c7Y9-Wshhz13wQjDqHSYHxAcBYI3P2fGTj_PJzDZW7MlNPeeLWyETOSAaPXFVxCLNxU6OhVSeVNJ7U.9QrD4THmgotZ7fRduriXPDxeBNRP1goDF7lSElnzLgI&amp;dib_tag=se&amp;qid=1755318340&amp;refinements=p_27%3AJose+Rubio+Sanchez&amp;s=digital-text&amp;sr=1-9&amp;text=Jose+Rubio+Sanchez\"><strong>Amazon versi\u00f3n Kindle: 9,99 \u20ac<\/strong><\/a><br>Fragmento: <em><a href=\"https:\/\/1drv.ms\/b\/s!AvQngI1KR5TfvLsxmyWqYIqir_-1Yg?e=sm1qVo\">El Maestro Tibetano<\/a><\/em><br>Contacto:\u00a0<a href=\"mailto:editor@editorialdagon.es\"><em>editor@editorialdagon.es<\/em><\/a><\/p>\n\n\n\n<p class=\"has-vivid-red-color has-text-color has-link-color wp-elements-e9f12c5fb55ed0bf889256d25ec20280\"><strong>NOTA<\/strong>: la versi\u00f3n b\u00e1sica que se vende en diversos lugares no tiene im\u00e1genes en color. Pero puede conseguir una versi\u00f3n en color pidi\u00e9ndola directamente a la Editorial.<\/p>\n<\/div><\/div>\n\n\n\n<p><strong>SINOPSIS<\/strong><\/p>\n\n\n\n<p>Nos dice Michel Coquet, el autor de este magn\u00edfico libro: \u00abEl Maestro Djwal Khool, com\u00fanmente conocido como el Tibetano, es uno de esos seres que alcanzaron la perfecci\u00f3n humana y que, por pura compasi\u00f3n, permanece con nosotros para instruir a la humanidad. La ense\u00f1anza dada por este Maestro fue transmitida telep\u00e1ticamente a una ciudadana inglesa, Alice Ann Bailey, en forma de dieciocho libros que contienen la Sabidur\u00eda Eterna y el esoterismo m\u00e1s puro que es posible transmitir por escrito. Ampliamente difundida despu\u00e9s de la Segunda Guerra Mundial, esta ense\u00f1anza inaugur\u00f3 la Nueva Era. Es por ello por lo que me ha parecido conveniente y \u00fatil dar a conocer mejor a este Instructor y su misi\u00f3n y, con ello, a la Jerarqu\u00eda espiritual de nuestro planeta\u00bb. Este libro se public\u00f3 en castellano hace a\u00f1os, pero nuestra versi\u00f3n contiene m\u00e1s informaci\u00f3n, algunas correcciones del autor, y numerosas im\u00e1genes en color que el mismo Michel hizo en sus viajes siguiendo los pasos de Blavatsky, los Roerich o Alexandra David-Neel. Un libro imprescindible para conocer este maestro, su influencia y, sobre todo, sus ense\u00f1anzas para el futuro.<\/p>\n\n\n\n<p><strong>BOOKTRAILER<\/strong><\/p>\n\n\n\n<figure class=\"wp-block-embed aligncenter is-type-video is-provider-youtube wp-block-embed-youtube wp-embed-aspect-16-9 wp-has-aspect-ratio\"><div class=\"wp-block-embed__wrapper\">\n<div class=\"ast-oembed-container \" style=\"height: 100%;\"><iframe loading=\"lazy\" title=\"Book Trailer Michel Coquet   - El Maestro Tibetano\" width=\"500\" height=\"281\" src=\"https:\/\/www.youtube.com\/embed\/INeoliwknB8?feature=oembed\" frameborder=\"0\" allow=\"accelerometer; autoplay; clipboard-write; encrypted-media; gyroscope; picture-in-picture; web-share\" referrerpolicy=\"strict-origin-when-cross-origin\" allowfullscreen><\/iframe><\/div>\n<\/div><\/figure>\n\n\n\n<p><\/p>\n","protected":false},"excerpt":{"rendered":"<p>MICHEL COQUETA\u00f1o de edici\u00f3n:\u00a02023ISBN: 9788412509632P\u00e1ginas: 332Precio B&amp;N: 31 \u20acPrecio color: 33\u00a0\u20acPuedes comprarlo en formato PDF. Contacta con el EditorAmazon versi\u00f3n [&hellip;]<\/p>\n","protected":false},"author":1,"featured_media":0,"parent":291,"menu_order":0,"comment_status":"closed","ping_status":"closed","template":"","meta":{"site-sidebar-layout":"default","site-content-layout":"","ast-site-content-layout":"default","site-content-style":"default","site-sidebar-style":"default","ast-global-header-display":"","ast-banner-title-visibility":"","ast-main-header-display":"","ast-hfb-above-header-display":"","ast-hfb-below-header-display":"","ast-hfb-mobile-header-display":"","site-post-title":"","ast-breadcrumbs-content":"","ast-featured-img":"","footer-sml-layout":"","theme-transparent-header-meta":"","adv-header-id-meta":"","stick-header-meta":"","header-above-stick-meta":"","header-main-stick-meta":"","header-below-stick-meta":"","astra-migrate-meta-layouts":"default","ast-page-background-enabled":"default","ast-page-background-meta":{"desktop":{"background-color":"var(--ast-global-color-5)","background-image":"","background-repeat":"repeat","background-position":"center center","background-size":"auto","background-attachment":"scroll","background-type":"","background-media":"","overlay-type":"","overlay-color":"","overlay-opacity":"","overlay-gradient":""},"tablet":{"background-color":"","background-image":"","background-repeat":"repeat","background-position":"center center","background-size":"auto","background-attachment":"scroll","background-type":"","background-media":"","overlay-type":"","overlay-color":"","overlay-opacity":"","overlay-gradient":""},"mobile":{"background-color":"","background-image":"","background-repeat":"repeat","background-position":"center center","background-size":"auto","background-attachment":"scroll","background-type":"","background-media":"","overlay-type":"","overlay-color":"","overlay-opacity":"","overlay-gradient":""}},"ast-content-background-meta":{"desktop":{"background-color":"var(--ast-global-color-4)","background-image":"","background-repeat":"repeat","background-position":"center center","background-size":"auto","background-attachment":"scroll","background-type":"","background-media":"","overlay-type":"","overlay-color":"","overlay-opacity":"","overlay-gradient":""},"tablet":{"background-color":"var(--ast-global-color-4)","background-image":"","background-repeat":"repeat","background-position":"center center","background-size":"auto","background-attachment":"scroll","background-type":"","background-media":"","overlay-type":"","overlay-color":"","overlay-opacity":"","overlay-gradient":""},"mobile":{"background-color":"var(--ast-global-color-4)","background-image":"","background-repeat":"repeat","background-position":"center center","background-size":"auto","background-attachment":"scroll","background-type":"","background-media":"","overlay-type":"","overlay-color":"","overlay-opacity":"","overlay-gradient":""}},"footnotes":""},"class_list":["post-812","page","type-page","status-publish","hentry"],"_links":{"self":[{"href":"https:\/\/www.editorialdagon.es\/index.php\/wp-json\/wp\/v2\/pages\/812","targetHints":{"allow":["GET"]}}],"collection":[{"href":"https:\/\/www.editorialdagon.es\/index.php\/wp-json\/wp\/v2\/pages"}],"about":[{"href":"https:\/\/www.editorialdagon.es\/index.php\/wp-json\/wp\/v2\/types\/page"}],"author":[{"embeddable":true,"href":"https:\/\/www.editorialdagon.es\/index.php\/wp-json\/wp\/v2\/users\/1"}],"replies":[{"embeddable":true,"href":"https:\/\/www.editorialdagon.es\/index.php\/wp-json\/wp\/v2\/comments?post=812"}],"version-history":[{"count":16,"href":"https:\/\/www.editorialdagon.es\/index.php\/wp-json\/wp\/v2\/pages\/812\/revisions"}],"predecessor-version":[{"id":3676,"href":"https:\/\/www.editorialdagon.es\/index.php\/wp-json\/wp\/v2\/pages\/812\/revisions\/3676"}],"up":[{"embeddable":true,"href":"https:\/\/www.editorialdagon.es\/index.php\/wp-json\/wp\/v2\/pages\/291"}],"wp:attachment":[{"href":"https:\/\/www.editorialdagon.es\/index.php\/wp-json\/wp\/v2\/media?parent=812"}],"curies":[{"name":"wp","href":"https:\/\/api.w.org\/{rel}","templated":true}]}}